{"id":16,"date":"2023-10-10T08:36:09","date_gmt":"2023-10-10T12:36:09","guid":{"rendered":"http:\/\/web03.tifm.gob.ve\/?page_id=16"},"modified":"2025-10-14T13:02:20","modified_gmt":"2025-10-14T17:02:20","slug":"jefe-de-gobierno","status":"publish","type":"page","link":"https:\/\/www.tifm.gob.ve\/?page_id=16","title":{"rendered":"Jefe de Gobierno\u00a0"},"content":{"rendered":"\n<div class=\"wp-block-columns is-layout-flex wp-container-core-columns-is-layout-9d6595d7 wp-block-columns-is-layout-flex\">\n<div class=\"wp-block-column is-layout-flow wp-block-column-is-layout-flow\" style=\"flex-basis:38.46%\">\n\n<div class=\"wp-block-image is-style-rounded\">\n<figure class=\"aligncenter size-full is-resized\"><img loading=\"lazy\" decoding=\"async\" width=\"971\" height=\"971\" src=\"https:\/\/www.tifm.gob.ve\/wp-content\/uploads\/2024\/02\/ca-aecm.png\" alt=\"\" class=\"wp-image-1404\" style=\"width:305px;height:auto\" srcset=\"https:\/\/www.tifm.gob.ve\/\/wp-content\/uploads\/2024\/02\/ca-aecm.png 971w, https:\/\/www.tifm.gob.ve\/\/wp-content\/uploads\/2024\/02\/ca-aecm-300x300.png 300w, https:\/\/www.tifm.gob.ve\/\/wp-content\/uploads\/2024\/02\/ca-aecm-150x150.png 150w, https:\/\/www.tifm.gob.ve\/\/wp-content\/uploads\/2024\/02\/ca-aecm-768x768.png 768w\" sizes=\"auto, (max-width: 971px) 100vw, 971px\" \/><\/figure>\n<\/div>\n\n\n<p class=\"has-text-align-center has-text-color has-link-color wp-elements-58df58d09c2e1fe43ae8a2d9b367539f\" style=\"color:#002d63\"><strong>Vice Almirante <\/strong><\/p>\n\n\n\n<p class=\"has-text-align-center has-text-color has-link-color wp-elements-22bcbb7f6e2b352ae6cdc04d00e418c5\" style=\"color:#002d63\"><strong>An\u00edbal Coronado Mill\u00e1n<\/strong><\/p>\n\n\n\n<p class=\"has-text-align-center has-text-color has-link-color wp-elements-a6ab61a0635883f761651b9aadedf033\" style=\"color:#002d63\"><strong> (Actual)<\/strong><\/p>\n\n\n\n<p><\/p>\n\n\n\n<hr class=\"wp-block-separator has-alpha-channel-opacity\"\/>\n\n\n\n<h3 style=\"text-align: center;\"><span style=\"color: #002d63;\"><strong>Jefes de Gobierno anteriores<\/strong><\/span><\/h3>\n\n\n\t\t\r\n\t\t\r\n\t\t<style>\t\r\n\t\t\t\t\t\t\t#lswssp-logo-carousel-1 .lswssp-logo-img-wrap .lswssp-logo-img{max-height:200px}\r\n\t\t\t\t\t<\/style>\r\n\r\n\t\t<div class=\"lswssp-wrap lswssp-logo-showcase lswssp-logo-carousel-wrap lswssp-post-data-wrap lswssp-design-1 \">\r\n\t<div class=\"lswssp-logo-carousel lswssp-logo-carousel-inr-wrap lswssp-post-data-inr-wrap lswssp-tooltip-conf lswssp-clearfix\" id=\"lswssp-logo-carousel-1\" data-conf=\"{&quot;id&quot;:&quot;543&quot;,&quot;css_class&quot;:&quot;&quot;,&quot;display_type&quot;:&quot;slider&quot;,&quot;images&quot;:[188,189,547,548,192,193,194,186],&quot;design&quot;:&quot;design-1&quot;,&quot;show_title&quot;:true,&quot;show_desc&quot;:true,&quot;link_target&quot;:&quot;_blank&quot;,&quot;min_height&quot;:&quot;&quot;,&quot;max_height&quot;:200,&quot;slides_show&quot;:1,&quot;slides_scroll&quot;:1,&quot;autoplay&quot;:true,&quot;autoplay_speed&quot;:3000,&quot;speed&quot;:600,&quot;arrow&quot;:true,&quot;dots&quot;:true,&quot;pause_on_hover&quot;:true,&quot;loop&quot;:false,&quot;centermode&quot;:false,&quot;center_padding&quot;:0,&quot;ipad&quot;:&quot;&quot;,&quot;tablet&quot;:&quot;&quot;,&quot;mobile&quot;:&quot;&quot;,&quot;unique&quot;:1,&quot;count&quot;:0,&quot;slide_to_show&quot;:5,&quot;slide_to_show_ipad&quot;:3,&quot;slide_to_show_tablet&quot;:2,&quot;slide_to_show_mobile&quot;:1}\"><div class=\"lswssp-slide lswssp-post-188\">\r\n\t<div class=\"lswssp-slide-inner\">\r\n\t\t<div class=\"lswssp-logo-img-wrap\">\r\n\t\t\t\t\t\t\t<img decoding=\"async\" class=\"lswssp-logo-img\" src=\"https:\/\/www.tifm.gob.ve\/\/wp-content\/uploads\/2023\/10\/AL.jpg\" alt=\"Almirante Armando Laguna Laguna\" \/>\r\n\t\t\t\t\t<\/div>\r\n\r\n\t\t\t\t\t<div class=\"lswssp-logo-title\">\r\n\t\t\t\tAlmirante Armando Laguna Laguna\t\t\t<\/div>\r\n\t\t\t\t\t<div class=\"lswssp-logo-desc\">\r\n\t\t\t\t<p>2011-2014<\/p>\n\t\t\t<\/div>\r\n\t\t\t<\/div>\r\n<\/div><div class=\"lswssp-slide lswssp-post-189\">\r\n\t<div class=\"lswssp-slide-inner\">\r\n\t\t<div class=\"lswssp-logo-img-wrap\">\r\n\t\t\t\t\t\t\t<img decoding=\"async\" class=\"lswssp-logo-img\" src=\"https:\/\/www.tifm.gob.ve\/\/wp-content\/uploads\/2023\/10\/GPB.jpg\" alt=\"Almirante Gilberto Am\u00edlcar Pinto Blanco\" \/>\r\n\t\t\t\t\t<\/div>\r\n\r\n\t\t\t\t\t<div class=\"lswssp-logo-title\">\r\n\t\t\t\tAlmirante Gilberto Am\u00edlcar Pinto Blanco\t\t\t<\/div>\r\n\t\t\t\t\t<div class=\"lswssp-logo-desc\">\r\n\t\t\t\t<p>2014-2015<\/p>\n\t\t\t<\/div>\r\n\t\t\t<\/div>\r\n<\/div><div class=\"lswssp-slide lswssp-post-547\">\r\n\t<div class=\"lswssp-slide-inner\">\r\n\t\t<div class=\"lswssp-logo-img-wrap\">\r\n\t\t\t\t\t\t\t<img decoding=\"async\" class=\"lswssp-logo-img\" src=\"https:\/\/www.tifm.gob.ve\/\/wp-content\/uploads\/2023\/10\/Screenshot-2023-10-23-at-12-36-26-Gobernador-asiste-a-instalacion-de-las-XIII-Jornadas-Cientificas-e1698079099647.png\" alt=\"Almirante Jairo Avenda\u00f1o Quintero\" \/>\r\n\t\t\t\t\t<\/div>\r\n\r\n\t\t\t\t\t<div class=\"lswssp-logo-title\">\r\n\t\t\t\tAlmirante Jairo Avenda\u00f1o Quintero\t\t\t<\/div>\r\n\t\t\t\t\t<div class=\"lswssp-logo-desc\">\r\n\t\t\t\t<p>2015 &#8211; 2017<\/p>\n\t\t\t<\/div>\r\n\t\t\t<\/div>\r\n<\/div><div class=\"lswssp-slide lswssp-post-548\">\r\n\t<div class=\"lswssp-slide-inner\">\r\n\t\t<div class=\"lswssp-logo-img-wrap\">\r\n\t\t\t\t\t\t\t<img decoding=\"async\" class=\"lswssp-logo-img\" src=\"https:\/\/www.tifm.gob.ve\/\/wp-content\/uploads\/2023\/10\/SL.png\" alt=\"Lic. Stella Lugo\" \/>\r\n\t\t\t\t\t<\/div>\r\n\r\n\t\t\t\t\t<div class=\"lswssp-logo-title\">\r\n\t\t\t\tLic. Stella Lugo\t\t\t<\/div>\r\n\t\t\t\t\t<div class=\"lswssp-logo-desc\">\r\n\t\t\t\t<p>2017 \u2013 2019<\/p>\n\t\t\t<\/div>\r\n\t\t\t<\/div>\r\n<\/div><div class=\"lswssp-slide lswssp-post-192\">\r\n\t<div class=\"lswssp-slide-inner\">\r\n\t\t<div class=\"lswssp-logo-img-wrap\">\r\n\t\t\t\t\t\t\t<img decoding=\"async\" class=\"lswssp-logo-img\" src=\"https:\/\/www.tifm.gob.ve\/\/wp-content\/uploads\/2023\/10\/FP.jpg\" alt=\"Lic. F\u00e9lix Plasencia\" \/>\r\n\t\t\t\t\t<\/div>\r\n\r\n\t\t\t\t\t<div class=\"lswssp-logo-title\">\r\n\t\t\t\tLic. F\u00e9lix Plasencia\t\t\t<\/div>\r\n\t\t\t\t\t<div class=\"lswssp-logo-desc\">\r\n\t\t\t\t<p>2019 &#8211; 2020<\/p>\n\t\t\t<\/div>\r\n\t\t\t<\/div>\r\n<\/div><div class=\"lswssp-slide lswssp-post-193\">\r\n\t<div class=\"lswssp-slide-inner\">\r\n\t\t<div class=\"lswssp-logo-img-wrap\">\r\n\t\t\t\t\t\t\t<img decoding=\"async\" class=\"lswssp-logo-img\" src=\"https:\/\/www.tifm.gob.ve\/\/wp-content\/uploads\/2023\/10\/GAC.jpg\" alt=\"Almirante Giuseppe Alessandrello Cimadevilla\" \/>\r\n\t\t\t\t\t<\/div>\r\n\r\n\t\t\t\t\t<div class=\"lswssp-logo-title\">\r\n\t\t\t\tAlmirante Giuseppe Alessandrello Cimadevilla\t\t\t<\/div>\r\n\t\t\t\t\t<div class=\"lswssp-logo-desc\">\r\n\t\t\t\t<p>2020 \u2013 2020<\/p>\n\t\t\t<\/div>\r\n\t\t\t<\/div>\r\n<\/div><div class=\"lswssp-slide lswssp-post-194\">\r\n\t<div class=\"lswssp-slide-inner\">\r\n\t\t<div class=\"lswssp-logo-img-wrap\">\r\n\t\t\t\t\t\t\t<img decoding=\"async\" class=\"lswssp-logo-img\" src=\"https:\/\/www.tifm.gob.ve\/\/wp-content\/uploads\/2023\/10\/JR.jpg\" alt=\"Almirante Eladio Jim\u00e9mez\" \/>\r\n\t\t\t\t\t<\/div>\r\n\r\n\t\t\t\t\t<div class=\"lswssp-logo-title\">\r\n\t\t\t\tAlmirante Eladio Jim\u00e9mez\t\t\t<\/div>\r\n\t\t\t\t\t<div class=\"lswssp-logo-desc\">\r\n\t\t\t\t<p>2020 &#8211; 2023<\/p>\n\t\t\t<\/div>\r\n\t\t\t<\/div>\r\n<\/div><div class=\"lswssp-slide lswssp-post-186\">\r\n\t<div class=\"lswssp-slide-inner\">\r\n\t\t<div class=\"lswssp-logo-img-wrap\">\r\n\t\t\t\t\t\t\t<img decoding=\"async\" class=\"lswssp-logo-img\" src=\"https:\/\/www.tifm.gob.ve\/\/wp-content\/uploads\/2023\/10\/ACM.jpg\" alt=\"Contra Almirante An\u00edbal Coronado Mill\u00e1n\" \/>\r\n\t\t\t\t\t<\/div>\r\n\r\n\t\t\t\t\t<div class=\"lswssp-logo-title\">\r\n\t\t\t\tContra Almirante An\u00edbal Coronado Mill\u00e1n\t\t\t<\/div>\r\n\t\t\t\t\t<div class=\"lswssp-logo-desc\">\r\n\t\t\t\t<p>2023 \u2013 en funciones<\/p>\n\t\t\t<\/div>\r\n\t\t\t<\/div>\r\n<\/div>\t<\/div>\r\n<\/div>\n<\/div>\n\n\n\n<div class=\"wp-block-column is-layout-flow wp-block-column-is-layout-flow\" style=\"flex-basis:61.54%\">\n\n\n<p style=\"text-align: justify;\">&nbsp;&nbsp;&nbsp;&nbsp; An\u00edbal Eduardo Coronado Mill\u00e1n, oriundo de Cuman\u00e1, estado Sucre, fue designado nuevo jefe de gobierno del Territorio Insular Francisco de Miranda.<\/p>\n<p>&nbsp;<\/p>\n\n\n\n<p style=\"text-align: justify;\">Coronado es un Contralmirante de la Infanter\u00eda de Marina Bolivariana, egresado como Licenciado en Ciencias Navales, menci\u00f3n Electr\u00f3nica en la Escuela Naval de Venezuela el 5 de julio de 1997, promoci\u00f3n General Jos\u00e9 F\u00e9lix Ribas.<\/p>\n<p>&nbsp;<\/p>\n\n\n\n<p style=\"text-align: justify;\">&nbsp;&nbsp;&nbsp;&nbsp; Tambi\u00e9n se titul\u00f3 como <em>Magister Scientiarum<\/em> en Planificaci\u00f3n y Conducci\u00f3n Operacional Militar (2020) y Especialista en Planificaci\u00f3n de Operaciones de Seguridad y Protecci\u00f3n a Personalidades (2013) en la Universidad Militar Bolivariana de Venezuela.<\/p>\n<p>&nbsp;<\/p>\n\n\n\n<p style=\"text-align: justify;\">&nbsp;&nbsp;&nbsp;&nbsp; Entre las varias funciones asumidas dentro de la Guardia de Honor Presidencial, destac\u00f3 su labor como Edec\u00e1n de Servicio del Presidente Nicol\u00e1s Maduro desde 2016 hasta 2021. Posteriormente fue nombrado Viceministro de Seguimiento e Inspecci\u00f3n de la Gesti\u00f3n de Gobierno, en calidad de encargado, del Ministerio del Poder Popular del Despacho de la Presidencia y Seguimiento de la Gesti\u00f3n de Gobierno.<\/p>\n<p style=\"text-align: justify;\"><br>&nbsp;&nbsp;&nbsp; A partir de su designaci\u00f3n como nuevo Jefe de Gobierno del Territorio Insular Francisco de Miranda, por el presidente Nicol\u00e1s Maduro, el C\/A Coronado Mill\u00e1n estar\u00e1 a cargo de la conservaci\u00f3n y desarrollo sustentable de los archipi\u00e9lagos de Los Roques, La Orchila y Las Aves, as\u00ed como de las dem\u00e1s islas e islotes del Mar Caribe y las del Oc\u00e9ano Atl\u00e1ntico que pertenecen a Venezuela<a href=\"https:\/\/twitter.com\/NicolasMaduro\">.<\/a><\/p>\n<\/div>\n<\/div>\n\n\n\n<p style=\"text-align: right;\"><strong>fuente:<\/strong> <a href=\"https:\/\/venezuela-news.com\/nuevo-jefe-gobierno-territorio-insular-francisco-miranda\/\" target=\"_blank\" rel=\"noopener\">https:\/\/venezuela-news.com\/nuevo-jefe-gobierno-territorio-insular-francisco-miranda\/<\/a><\/p>\n","protected":false},"excerpt":{"rendered":"<p>Vice Almirante An\u00edbal Coronado Mill\u00e1n (Actual) Jefes de Gobierno anteriores &nbsp;&nbsp;&nbsp;&nbsp; An\u00edbal Eduardo Coronado Mill\u00e1n, oriundo de Cuman\u00e1, estado Sucre, fue designado nuevo jefe de gobierno del Territorio Insular Francisco de Miranda. &nbsp; Coronado es un Contralmirante de la Infanter\u00eda de Marina Bolivariana, egresado como Licenciado en Ciencias Navales, menci\u00f3n Electr\u00f3nica en la Escuela Naval [&hellip;]<\/p>\n","protected":false},"author":1,"featured_media":0,"parent":0,"menu_order":0,"comment_status":"closed","ping_status":"closed","template":"","meta":{"footnotes":""},"class_list":["post-16","page","type-page","status-publish","hentry"],"_links":{"self":[{"href":"https:\/\/www.tifm.gob.ve\/index.php?rest_route=\/wp\/v2\/pages\/16","targetHints":{"allow":["GET"]}}],"collection":[{"href":"https:\/\/www.tifm.gob.ve\/index.php?rest_route=\/wp\/v2\/pages"}],"about":[{"href":"https:\/\/www.tifm.gob.ve\/index.php?rest_route=\/wp\/v2\/types\/page"}],"author":[{"embeddable":true,"href":"https:\/\/www.tifm.gob.ve\/index.php?rest_route=\/wp\/v2\/users\/1"}],"replies":[{"embeddable":true,"href":"https:\/\/www.tifm.gob.ve\/index.php?rest_route=%2Fwp%2Fv2%2Fcomments&post=16"}],"version-history":[{"count":71,"href":"https:\/\/www.tifm.gob.ve\/index.php?rest_route=\/wp\/v2\/pages\/16\/revisions"}],"predecessor-version":[{"id":4308,"href":"https:\/\/www.tifm.gob.ve\/index.php?rest_route=\/wp\/v2\/pages\/16\/revisions\/4308"}],"wp:attachment":[{"href":"https:\/\/www.tifm.gob.ve\/index.php?rest_route=%2Fwp%2Fv2%2Fmedia&parent=16"}],"curies":[{"name":"wp","href":"https:\/\/api.w.org\/{rel}","templated":true}]}}

<div class="wp-block-columns is-layout-flex wp-container-core-columns-is-layout-9d6595d7 wp-block-columns-is-layout-flex">
<div class="wp-block-column is-layout-flow wp-block-column-is-layout-flow" style="flex-basis:38.46%">

<div class="wp-block-image is-style-rounded">
<figure class="aligncenter size-full is-resized"><img loading="lazy" decoding="async" width="971" height="971" src="https://www.tifm.gob.ve/wp-content/uploads/2024/02/ca-aecm.png" alt="" class="wp-image-1404" style="width:305px;height:auto" srcset="https://www.tifm.gob.ve//wp-content/uploads/2024/02/ca-aecm.png 971w, https://www.tifm.gob.ve//wp-content/uploads/2024/02/ca-aecm-300x300.png 300w, https://www.tifm.gob.ve//wp-content/uploads/2024/02/ca-aecm-150x150.png 150w, https://www.tifm.gob.ve//wp-content/uploads/2024/02/ca-aecm-768x768.png 768w" sizes="auto, (max-width: 971px) 100vw, 971px" /></figure>
</div>


<p class="has-text-align-center has-text-color has-link-color wp-elements-58df58d09c2e1fe43ae8a2d9b367539f" style="color:#002d63"><strong>Vice Almirante </strong></p>



<p class="has-text-align-center has-text-color has-link-color wp-elements-22bcbb7f6e2b352ae6cdc04d00e418c5" style="color:#002d63"><strong>Aníbal Coronado Millán</strong></p>



<p class="has-text-align-center has-text-color has-link-color wp-elements-a6ab61a0635883f761651b9aadedf033" style="color:#002d63"><strong> (Actual)</strong></p>



<p></p>



<hr class="wp-block-separator has-alpha-channel-opacity"/>



<h3 style="text-align: center;"><span style="color: #002d63;"><strong>Jefes de Gobierno anteriores</strong></span></h3>


		
		
		<style>	
							#lswssp-logo-carousel-1 .lswssp-logo-img-wrap .lswssp-logo-img{max-height:200px}
					</style>

		<div class="lswssp-wrap lswssp-logo-showcase lswssp-logo-carousel-wrap lswssp-post-data-wrap lswssp-design-1 ">
	<div class="lswssp-logo-carousel lswssp-logo-carousel-inr-wrap lswssp-post-data-inr-wrap lswssp-tooltip-conf lswssp-clearfix" id="lswssp-logo-carousel-1" data-conf="{&quot;id&quot;:&quot;543&quot;,&quot;css_class&quot;:&quot;&quot;,&quot;display_type&quot;:&quot;slider&quot;,&quot;images&quot;:[188,189,547,548,192,193,194,186],&quot;design&quot;:&quot;design-1&quot;,&quot;show_title&quot;:true,&quot;show_desc&quot;:true,&quot;link_target&quot;:&quot;_blank&quot;,&quot;min_height&quot;:&quot;&quot;,&quot;max_height&quot;:200,&quot;slides_show&quot;:1,&quot;slides_scroll&quot;:1,&quot;autoplay&quot;:true,&quot;autoplay_speed&quot;:3000,&quot;speed&quot;:600,&quot;arrow&quot;:true,&quot;dots&quot;:true,&quot;pause_on_hover&quot;:true,&quot;loop&quot;:false,&quot;centermode&quot;:false,&quot;center_padding&quot;:0,&quot;ipad&quot;:&quot;&quot;,&quot;tablet&quot;:&quot;&quot;,&quot;mobile&quot;:&quot;&quot;,&quot;unique&quot;:1,&quot;count&quot;:0,&quot;slide_to_show&quot;:5,&quot;slide_to_show_ipad&quot;:3,&quot;slide_to_show_tablet&quot;:2,&quot;slide_to_show_mobile&quot;:1}"><div class="lswssp-slide lswssp-post-188">
	<div class="lswssp-slide-inner">
		<div class="lswssp-logo-img-wrap">
							<img decoding="async" class="lswssp-logo-img" src="https://www.tifm.gob.ve//wp-content/uploads/2023/10/AL.jpg" alt="Almirante Armando Laguna Laguna" />
					</div>

					<div class="lswssp-logo-title">
				Almirante Armando Laguna Laguna			</div>
					<div class="lswssp-logo-desc">
				<p>2011-2014</p>
			</div>
			</div>
</div><div class="lswssp-slide lswssp-post-189">
	<div class="lswssp-slide-inner">
		<div class="lswssp-logo-img-wrap">
							<img decoding="async" class="lswssp-logo-img" src="https://www.tifm.gob.ve//wp-content/uploads/2023/10/GPB.jpg" alt="Almirante Gilberto Amílcar Pinto Blanco" />
					</div>

					<div class="lswssp-logo-title">
				Almirante Gilberto Amílcar Pinto Blanco			</div>
					<div class="lswssp-logo-desc">
				<p>2014-2015</p>
			</div>
			</div>
</div><div class="lswssp-slide lswssp-post-547">
	<div class="lswssp-slide-inner">
		<div class="lswssp-logo-img-wrap">
							<img decoding="async" class="lswssp-logo-img" src="https://www.tifm.gob.ve//wp-content/uploads/2023/10/Screenshot-2023-10-23-at-12-36-26-Gobernador-asiste-a-instalacion-de-las-XIII-Jornadas-Cientificas-e1698079099647.png" alt="Almirante Jairo Avendaño Quintero" />
					</div>

					<div class="lswssp-logo-title">
				Almirante Jairo Avendaño Quintero			</div>
					<div class="lswssp-logo-desc">
				<p>2015 &#8211; 2017</p>
			</div>
			</div>
</div><div class="lswssp-slide lswssp-post-548">
	<div class="lswssp-slide-inner">
		<div class="lswssp-logo-img-wrap">
							<img decoding="async" class="lswssp-logo-img" src="https://www.tifm.gob.ve//wp-content/uploads/2023/10/SL.png" alt="Lic. Stella Lugo" />
					</div>

					<div class="lswssp-logo-title">
				Lic. Stella Lugo			</div>
					<div class="lswssp-logo-desc">
				<p>2017 – 2019</p>
			</div>
			</div>
</div><div class="lswssp-slide lswssp-post-192">
	<div class="lswssp-slide-inner">
		<div class="lswssp-logo-img-wrap">
							<img decoding="async" class="lswssp-logo-img" src="https://www.tifm.gob.ve//wp-content/uploads/2023/10/FP.jpg" alt="Lic. Félix Plasencia" />
					</div>

					<div class="lswssp-logo-title">
				Lic. Félix Plasencia			</div>
					<div class="lswssp-logo-desc">
				<p>2019 &#8211; 2020</p>
			</div>
			</div>
</div><div class="lswssp-slide lswssp-post-193">
	<div class="lswssp-slide-inner">
		<div class="lswssp-logo-img-wrap">
							<img decoding="async" class="lswssp-logo-img" src="https://www.tifm.gob.ve//wp-content/uploads/2023/10/GAC.jpg" alt="Almirante Giuseppe Alessandrello Cimadevilla" />
					</div>

					<div class="lswssp-logo-title">
				Almirante Giuseppe Alessandrello Cimadevilla			</div>
					<div class="lswssp-logo-desc">
				<p>2020 – 2020</p>
			</div>
			</div>
</div><div class="lswssp-slide lswssp-post-194">
	<div class="lswssp-slide-inner">
		<div class="lswssp-logo-img-wrap">
							<img decoding="async" class="lswssp-logo-img" src="https://www.tifm.gob.ve//wp-content/uploads/2023/10/JR.jpg" alt="Almirante Eladio Jimémez" />
					</div>

					<div class="lswssp-logo-title">
				Almirante Eladio Jimémez			</div>
					<div class="lswssp-logo-desc">
				<p>2020 &#8211; 2023</p>
			</div>
			</div>
</div><div class="lswssp-slide lswssp-post-186">
	<div class="lswssp-slide-inner">
		<div class="lswssp-logo-img-wrap">
							<img decoding="async" class="lswssp-logo-img" src="https://www.tifm.gob.ve//wp-content/uploads/2023/10/ACM.jpg" alt="Contra Almirante Aníbal Coronado Millán" />
					</div>

					<div class="lswssp-logo-title">
				Contra Almirante Aníbal Coronado Millán			</div>
					<div class="lswssp-logo-desc">
				<p>2023 – en funciones</p>
			</div>
			</div>
</div>	</div>
</div>
</div>



<div class="wp-block-column is-layout-flow wp-block-column-is-layout-flow" style="flex-basis:61.54%">


<p style="text-align: justify;">&nbsp;&nbsp;&nbsp;&nbsp; Aníbal Eduardo Coronado Millán, oriundo de Cumaná, estado Sucre, fue designado nuevo jefe de gobierno del Territorio Insular Francisco de Miranda.</p>
<p>&nbsp;</p>



<p style="text-align: justify;">Coronado es un Contralmirante de la Infantería de Marina Bolivariana, egresado como Licenciado en Ciencias Navales, mención Electrónica en la Escuela Naval de Venezuela el 5 de julio de 1997, promoción General José Félix Ribas.</p>
<p>&nbsp;</p>



<p style="text-align: justify;">&nbsp;&nbsp;&nbsp;&nbsp; También se tituló como <em>Magister Scientiarum</em> en Planificación y Conducción Operacional Militar (2020) y Especialista en Planificación de Operaciones de Seguridad y Protección a Personalidades (2013) en la Universidad Militar Bolivariana de Venezuela.</p>
<p>&nbsp;</p>



<p style="text-align: justify;">&nbsp;&nbsp;&nbsp;&nbsp; Entre las varias funciones asumidas dentro de la Guardia de Honor Presidencial, destacó su labor como Edecán de Servicio del Presidente Nicolás Maduro desde 2016 hasta 2021. Posteriormente fue nombrado Viceministro de Seguimiento e Inspección de la Gestión de Gobierno, en calidad de encargado, del Ministerio del Poder Popular del Despacho de la Presidencia y Seguimiento de la Gestión de Gobierno.</p>
<p style="text-align: justify;"><br>&nbsp;&nbsp;&nbsp; A partir de su designación como nuevo Jefe de Gobierno del Territorio Insular Francisco de Miranda, por el presidente Nicolás Maduro, el C/A Coronado Millán estará a cargo de la conservación y desarrollo sustentable de los archipiélagos de Los Roques, La Orchila y Las Aves, así como de las demás islas e islotes del Mar Caribe y las del Océano Atlántico que pertenecen a Venezuela<a href="https://twitter.com/NicolasMaduro">.</a></p>
</div>
</div>



<p style="text-align: right;"><strong>fuente:</strong> <a href="https://venezuela-news.com/nuevo-jefe-gobierno-territorio-insular-francisco-miranda/" target="_blank" rel="noopener">https://venezuela-news.com/nuevo-jefe-gobierno-territorio-insular-francisco-miranda/</a></p>

<p>Vice Almirante Aníbal Coronado Millán (Actual) Jefes de Gobierno anteriores &nbsp;&nbsp;&nbsp;&nbsp; Aníbal Eduardo Coronado Millán, oriundo de Cumaná, estado Sucre, fue designado nuevo jefe de gobierno del Territorio Insular Francisco de Miranda. &nbsp; Coronado es un Contralmirante de la Infantería de Marina Bolivariana, egresado como Licenciado en Ciencias Navales, mención Electrónica en la Escuela Naval [&hellip;]</p>
