{"id":14,"date":"2023-10-10T08:34:49","date_gmt":"2023-10-10T12:34:49","guid":{"rendered":"http:\/\/web03.tifm.gob.ve\/?page_id=14"},"modified":"2024-02-02T09:39:28","modified_gmt":"2024-02-02T13:39:28","slug":"resena","status":"publish","type":"page","link":"https:\/\/www.tifm.gob.ve\/?page_id=14","title":{"rendered":"Rese\u00f1a"},"content":{"rendered":"\n<p style=\"text-align: justify;\">Un 10 de noviembre del a\u00f1o 2011 nace el Territorio Insular Francisco de Miranda (TIFM) como un sue\u00f1o del Comandante Hugo Ch\u00e1vez para ejercer actos de soberan\u00eda y ejercicio efectivo del Gobierno dentro del espacio geogr\u00e1fico insular y mar\u00edtimo de la Rep\u00fablica Bolivariana de Venezuela integrando el espacio que circunda los Archipi\u00e9lagos Las Aves, La Orchila y Los Roques como sede de Gobierno, los cuales impactan a las personas que los visitan con sus hermosas tonalidades de azules.<\/p>\n<p style=\"text-align: justify;\">Desde sus inicios hasta la actualidad ha sido un ente al servicio del pueblo que apuesta por el futuro pr\u00f3spero y productivo de esta regi\u00f3n insular que a pesar de mantenerse distanciada de tierra firme siempre ha recibido el abrazo protector de la Revoluci\u00f3n Bolivariana dando garant\u00eda de la justicia y equidad social.<\/p>\n<p style=\"text-align: justify;\">El Territorio Insular Francisco de Miranda, es una divisi\u00f3n administrativa de las Dependencias Federales de Venezuela (la primera creada con el rango de territorio insular) que integra el sector central de las mismas (archipi\u00e9lagos de Los Roques, La Orchila y Las Aves).<\/p>\n\n\n\n<hr class=\"wp-block-separator has-alpha-channel-opacity is-style-dots\"\/>\n\n\n\n<h2 class=\"wp-block-heading\"><strong>Jurisdicci\u00f3n<\/strong><\/h2>\n\n\n\n<div class=\"wp-block-columns is-layout-flex wp-container-core-columns-is-layout-9d6595d7 wp-block-columns-is-layout-flex\">\n<div class=\"wp-block-column is-layout-flow wp-block-column-is-layout-flow\" style=\"flex-basis:66.66%\">\n<p style=\"text-align: justify;\">El espacio que corresponde al Territorio Insular Francisco de Miranda, est\u00e1 comprendido dentro de una poligonal para cuya determinaci\u00f3n se tomar\u00e1n en cuenta los siguientes linderos: A partir del l\u00edmite mar\u00edtimo internacional con los Pa\u00edses Bajos al norte de Cabo San Rom\u00e1n, se contin\u00faa por el l\u00edmite al norte de los Archipi\u00e9lagos Las Aves, Los Roques y La Orchila, incluyendo el espacio correspondiente a la Zona Econ\u00f3mica Exclusiva desde donde se contin\u00faa en direcci\u00f3n suroeste hasta la l\u00ednea de costa en el l\u00edmite entre los estados Vargas y Miranda, en la desembocadura del r\u00edo Chuspa. Desde este punto se contin\u00faa en direcci\u00f3n oeste por la l\u00ednea de costa de los estados Vargas, Aragua, Carabobo, Yaracuy y Falc\u00f3n hasta llegar a Cabo San Rom\u00e1n en la Pen\u00ednsula de Paraguan\u00e1. Desde este punto, se sigue por una recta de norte franco hasta interceptarse con el l\u00edmite internacional con los Pa\u00edses Bajos.<\/p>\n<\/div>\n\n\n\n<div class=\"wp-block-column is-layout-flow wp-block-column-is-layout-flow\" style=\"flex-basis:33.33%\"><\/div>\n<\/div>\n\n\n\n<figure class=\"wp-block-table alignwide is-style-stripes has-small-font-size\" style=\"font-style:normal;font-weight:400\"><table class=\"has-pale-cyan-blue-background-color has-text-color has-background\" style=\"color:#001e50\"><tbody><tr><td class=\"has-text-align-center\" data-align=\"center\"><strong>Isla o Grupo<\/strong><\/td><td class=\"has-text-align-center\" data-align=\"center\"><strong>Superficie km2<\/strong><\/td><td class=\"has-text-align-center\" data-align=\"center\"><strong>Islas Integrantes<\/strong><\/td><td class=\"has-text-align-center\" data-align=\"center\"><strong>Coordenadas<\/strong><\/td><\/tr><tr><td class=\"has-text-align-center\" data-align=\"center\">Archipi\u00e9lago Las Aves<\/td><td class=\"has-text-align-center\" data-align=\"center\">3,35<\/td><td class=\"has-text-align-center\" data-align=\"center\">Isla Aves de Barlovento &#8211; Isla Tesoro &#8211; Cayo Bubi <br>Cayo de Las Bobas &#8211; Isla Aves de Sotavento<br>Isla Larga &#8211; Cayo Tirra &#8211; Isla Saquisaqui<br>Cayos de La Colonia &#8211; Isla Maceta &#8211; Cayo Sterna<\/td><td class=\"has-text-align-center\" data-align=\"center\"><strong>12\u00b000\u2032N 67\u00b040\u2032O<\/strong><\/td><\/tr><tr><td class=\"has-text-align-center\" data-align=\"center\">Archipi\u00e9lago Los Roques<\/td><td class=\"has-text-align-center\" data-align=\"center\">40,61<\/td><td class=\"has-text-align-center\" data-align=\"center\">Gran Roque &#8211; Francisqu\u00ed &#8211; Isla Larga &#8211; Nordisqu\u00ed &#8211; Madrisqu\u00ed <br>Crasqu\u00ed &#8211; Dos Mosquises &#8211; Cayo Sal &#8211; Cayo Nube Verde<br>Cayo Grande &#8211; Noronqu\u00ed &#8211; Espenqu\u00ed &#8211; Carenero <br>Selesqu\u00ed &#8211; Bequev\u00e9 &#8211; Cayo de Agua &#8211; Cayo Grande Entre otros<\/td><td class=\"has-text-align-center\" data-align=\"center\"><strong>11\u00b051\u2032N 66\u00b045\u2032O<\/strong><\/td><\/tr><tr><td class=\"has-text-align-center\" data-align=\"center\">Isla La Orchila<\/td><td class=\"has-text-align-center\" data-align=\"center\">40<\/td><td class=\"has-text-align-center\" data-align=\"center\">Isla La Orchila &#8211; Cayo Agua &#8211; Cayo Sal<br>Cayo Los Holandeses- Cayo Noreste<\/td><td class=\"has-text-align-center\" data-align=\"center\"><strong>11\u00b047\u2032N 66\u00b010\u2032O<\/strong><\/td><\/tr><\/tbody><\/table><\/figure>\n\n\n\n<hr class=\"wp-block-separator has-alpha-channel-opacity is-style-dots\"\/>\n\n\n\n<h2 class=\"wp-block-heading\">Historia<\/h2>\n\n\n\n<div class=\"wp-block-columns is-layout-flex wp-container-core-columns-is-layout-9d6595d7 wp-block-columns-is-layout-flex\">\n<div class=\"wp-block-column is-layout-flow wp-block-column-is-layout-flow\" style=\"flex-basis:33.33%\"><\/div>\n\n\n\n<div class=\"wp-block-column is-layout-flow wp-block-column-is-layout-flow\" style=\"flex-basis:66.66%\">\n<p style=\"text-align: justify;\">Los tres archipi\u00e9lagos fueron parte del Territorio Federal Col\u00f3n entre 1871 y 1908 y han formado parte de las Dependencias Federales desde su creaci\u00f3n en la d\u00e9cada de 1930, en 1990 se cre\u00f3 una autoridad \u00fanica de \u00e1rea para Los Roques, previamente se hab\u00edan realizado varios intentos para reorganizar las dependencias federales islas de Venezuela en su mayor\u00eda en el mar Caribe, no fue sino hasta la promulgaci\u00f3n de una nueva ley org\u00e1nica de las Dependencias Federales y territorios insulares en 2011 donde se posibilit\u00f3 su creaci\u00f3n. La nueva ley estableci\u00f3 la capacidad del poder ejecutivo nacional para crear territorios insulares agrupando islas de las Dependencias Federales.\u2028<\/p>\n<\/div>\n<\/div>\n\n\n\n<p style=\"text-align: justify;\">El 15 de octubre de 2011 el gobierno de Venezuela emiti\u00f3 un decreto con rango, valor y fuerza de ley org\u00e1nica que cre\u00f3 una nueva legislaci\u00f3n para las Dependencias Federales, y estableci\u00f3 la aparici\u00f3n de figuras jur\u00eddicas nuevas como los jefes de gobierno y los territorios insulares. El 27 de octubre la ley fue avalada por el Tribunal supremo de Justicia y fue publicada en la Gaceta Oficial 39.787.3.<\/p>\n\n\n\n<hr class=\"wp-block-separator has-alpha-channel-opacity is-style-dots\"\/>\n\n\n\n<h2 class=\"wp-block-heading\">Geograf\u00eda<\/h2>\n\n\n\n<div class=\"wp-block-columns is-layout-flex wp-container-core-columns-is-layout-9d6595d7 wp-block-columns-is-layout-flex\">\n<div class=\"wp-block-column is-layout-flow wp-block-column-is-layout-flow\" style=\"flex-basis:66.66%\">\n<p style=\"text-align: justify;\">El Territorio Insular Francisco de Miranda est\u00e1 formado por tres grupos de islas, el Archipi\u00e9lago Las Aves al este de la isla neerlandesa de Bonaire, al norte de la costa del Estado Aragua y que es b\u00e1sicamente formada por un complejo de arrecifes (atolones) conocidos como Aves de Sotavento y Aves de Barlovento (no debe confundirse con la Isla de Aves mucho m\u00e1s al norte, cerca de Dominica) con 8 islas mayores y 12 islas o cayos menores con una altura m\u00e1xima de 16 metros sobre el nivel del mar.<\/p>\n<\/div>\n\n\n\n<div class=\"wp-block-column is-layout-flow wp-block-column-is-layout-flow\" style=\"flex-basis:33.33%\">\n<figure class=\"wp-block-image size-full is-style-rounded\"><img loading=\"lazy\" decoding=\"async\" width=\"960\" height=\"640\" src=\"https:\/\/www.tifm.gob.ve\/wp-content\/uploads\/2024\/02\/los-roques-1.jpeg\" alt=\"\" class=\"wp-image-1310\" style=\"aspect-ratio:1;object-fit:cover\" srcset=\"https:\/\/www.tifm.gob.ve\/\/wp-content\/uploads\/2024\/02\/los-roques-1.jpeg 960w, https:\/\/www.tifm.gob.ve\/\/wp-content\/uploads\/2024\/02\/los-roques-1-300x200.jpeg 300w, https:\/\/www.tifm.gob.ve\/\/wp-content\/uploads\/2024\/02\/los-roques-1-768x512.jpeg 768w\" sizes=\"auto, (max-width: 960px) 100vw, 960px\" \/><\/figure>\n<\/div>\n<\/div>\n\n\n\n<p style=\"text-align: justify;\">El Archipi\u00e9lago Los Roques, entre las Aves y La Orchila y al norte del Estado Vargas (La Guaira), donde se concentra la mayor\u00eda de la poblaci\u00f3n, parque nacional desde 1972 y donde est\u00e1 la capital del territorio (Gran Roque) tambi\u00e9n un complejo de Arrecifes con al menos 42 islotes o cayos, 250 bancos de arena y con una altura m\u00e1xima de 120 metros sobre el Nivel del Mar.<\/p>\n<p style=\"text-align: justify;\">\u2028Y finalmente el Archipi\u00e9lago de La Orchila a veces conocido simplemente con Isla La Orchila una serie de islas de formaciones arrecifales donde se encuentra un base de la Armada y el ej\u00e9rcito de Venezuela conformada por una isla principal y 6 cayos o islotes m\u00e1s peque\u00f1os al este de Los Roques y al norte del Estado Vargas.<\/p>\n","protected":false},"excerpt":{"rendered":"<p>Un 10 de noviembre del a\u00f1o 2011 nace el Territorio Insular Francisco de Miranda (TIFM) como un sue\u00f1o del Comandante Hugo Ch\u00e1vez para ejercer actos de soberan\u00eda y ejercicio efectivo del Gobierno dentro del espacio geogr\u00e1fico insular y mar\u00edtimo de la Rep\u00fablica Bolivariana de Venezuela integrando el espacio que circunda los Archipi\u00e9lagos Las Aves, La [&hellip;]<\/p>\n","protected":false},"author":1,"featured_media":0,"parent":0,"menu_order":0,"comment_status":"closed","ping_status":"closed","template":"","meta":{"footnotes":""},"class_list":["post-14","page","type-page","status-publish","hentry"],"_links":{"self":[{"href":"https:\/\/www.tifm.gob.ve\/index.php?rest_route=\/wp\/v2\/pages\/14","targetHints":{"allow":["GET"]}}],"collection":[{"href":"https:\/\/www.tifm.gob.ve\/index.php?rest_route=\/wp\/v2\/pages"}],"about":[{"href":"https:\/\/www.tifm.gob.ve\/index.php?rest_route=\/wp\/v2\/types\/page"}],"author":[{"embeddable":true,"href":"https:\/\/www.tifm.gob.ve\/index.php?rest_route=\/wp\/v2\/users\/1"}],"replies":[{"embeddable":true,"href":"https:\/\/www.tifm.gob.ve\/index.php?rest_route=%2Fwp%2Fv2%2Fcomments&post=14"}],"version-history":[{"count":34,"href":"https:\/\/www.tifm.gob.ve\/index.php?rest_route=\/wp\/v2\/pages\/14\/revisions"}],"predecessor-version":[{"id":1312,"href":"https:\/\/www.tifm.gob.ve\/index.php?rest_route=\/wp\/v2\/pages\/14\/revisions\/1312"}],"wp:attachment":[{"href":"https:\/\/www.tifm.gob.ve\/index.php?rest_route=%2Fwp%2Fv2%2Fmedia&parent=14"}],"curies":[{"name":"wp","href":"https:\/\/api.w.org\/{rel}","templated":true}]}}

Reseña

<p style="text-align: justify;">Un 10 de noviembre del año 2011 nace el Territorio Insular Francisco de Miranda (TIFM) como un sueño del Comandante Hugo Chávez para ejercer actos de soberanía y ejercicio efectivo del Gobierno dentro del espacio geográfico insular y marítimo de la República Bolivariana de Venezuela integrando el espacio que circunda los Archipiélagos Las Aves, La Orchila y Los Roques como sede de Gobierno, los cuales impactan a las personas que los visitan con sus hermosas tonalidades de azules.</p>
<p style="text-align: justify;">Desde sus inicios hasta la actualidad ha sido un ente al servicio del pueblo que apuesta por el futuro próspero y productivo de esta región insular que a pesar de mantenerse distanciada de tierra firme siempre ha recibido el abrazo protector de la Revolución Bolivariana dando garantía de la justicia y equidad social.</p>
<p style="text-align: justify;">El Territorio Insular Francisco de Miranda, es una división administrativa de las Dependencias Federales de Venezuela (la primera creada con el rango de territorio insular) que integra el sector central de las mismas (archipiélagos de Los Roques, La Orchila y Las Aves).</p>



<hr class="wp-block-separator has-alpha-channel-opacity is-style-dots"/>



<h2 class="wp-block-heading"><strong>Jurisdicción</strong></h2>



<div class="wp-block-columns is-layout-flex wp-container-core-columns-is-layout-9d6595d7 wp-block-columns-is-layout-flex">
<div class="wp-block-column is-layout-flow wp-block-column-is-layout-flow" style="flex-basis:66.66%">
<p style="text-align: justify;">El espacio que corresponde al Territorio Insular Francisco de Miranda, está comprendido dentro de una poligonal para cuya determinación se tomarán en cuenta los siguientes linderos: A partir del límite marítimo internacional con los Países Bajos al norte de Cabo San Román, se continúa por el límite al norte de los Archipiélagos Las Aves, Los Roques y La Orchila, incluyendo el espacio correspondiente a la Zona Económica Exclusiva desde donde se continúa en dirección suroeste hasta la línea de costa en el límite entre los estados Vargas y Miranda, en la desembocadura del río Chuspa. Desde este punto se continúa en dirección oeste por la línea de costa de los estados Vargas, Aragua, Carabobo, Yaracuy y Falcón hasta llegar a Cabo San Román en la Península de Paraguaná. Desde este punto, se sigue por una recta de norte franco hasta interceptarse con el límite internacional con los Países Bajos.</p>
</div>



<div class="wp-block-column is-layout-flow wp-block-column-is-layout-flow" style="flex-basis:33.33%"></div>
</div>



<figure class="wp-block-table alignwide is-style-stripes has-small-font-size" style="font-style:normal;font-weight:400"><table class="has-pale-cyan-blue-background-color has-text-color has-background" style="color:#001e50"><tbody><tr><td class="has-text-align-center" data-align="center"><strong>Isla o Grupo</strong></td><td class="has-text-align-center" data-align="center"><strong>Superficie km2</strong></td><td class="has-text-align-center" data-align="center"><strong>Islas Integrantes</strong></td><td class="has-text-align-center" data-align="center"><strong>Coordenadas</strong></td></tr><tr><td class="has-text-align-center" data-align="center">Archipiélago Las Aves</td><td class="has-text-align-center" data-align="center">3,35</td><td class="has-text-align-center" data-align="center">Isla Aves de Barlovento &#8211; Isla Tesoro &#8211; Cayo Bubi <br>Cayo de Las Bobas &#8211; Isla Aves de Sotavento<br>Isla Larga &#8211; Cayo Tirra &#8211; Isla Saquisaqui<br>Cayos de La Colonia &#8211; Isla Maceta &#8211; Cayo Sterna</td><td class="has-text-align-center" data-align="center"><strong>12°00′N 67°40′O</strong></td></tr><tr><td class="has-text-align-center" data-align="center">Archipiélago Los Roques</td><td class="has-text-align-center" data-align="center">40,61</td><td class="has-text-align-center" data-align="center">Gran Roque &#8211; Francisquí &#8211; Isla Larga &#8211; Nordisquí &#8211; Madrisquí <br>Crasquí &#8211; Dos Mosquises &#8211; Cayo Sal &#8211; Cayo Nube Verde<br>Cayo Grande &#8211; Noronquí &#8211; Espenquí &#8211; Carenero <br>Selesquí &#8211; Bequevé &#8211; Cayo de Agua &#8211; Cayo Grande Entre otros</td><td class="has-text-align-center" data-align="center"><strong>11°51′N 66°45′O</strong></td></tr><tr><td class="has-text-align-center" data-align="center">Isla La Orchila</td><td class="has-text-align-center" data-align="center">40</td><td class="has-text-align-center" data-align="center">Isla La Orchila &#8211; Cayo Agua &#8211; Cayo Sal<br>Cayo Los Holandeses- Cayo Noreste</td><td class="has-text-align-center" data-align="center"><strong>11°47′N 66°10′O</strong></td></tr></tbody></table></figure>



<hr class="wp-block-separator has-alpha-channel-opacity is-style-dots"/>



<h2 class="wp-block-heading">Historia</h2>



<div class="wp-block-columns is-layout-flex wp-container-core-columns-is-layout-9d6595d7 wp-block-columns-is-layout-flex">
<div class="wp-block-column is-layout-flow wp-block-column-is-layout-flow" style="flex-basis:33.33%"></div>



<div class="wp-block-column is-layout-flow wp-block-column-is-layout-flow" style="flex-basis:66.66%">
<p style="text-align: justify;">Los tres archipiélagos fueron parte del Territorio Federal Colón entre 1871 y 1908 y han formado parte de las Dependencias Federales desde su creación en la década de 1930, en 1990 se creó una autoridad única de área para Los Roques, previamente se habían realizado varios intentos para reorganizar las dependencias federales islas de Venezuela en su mayoría en el mar Caribe, no fue sino hasta la promulgación de una nueva ley orgánica de las Dependencias Federales y territorios insulares en 2011 donde se posibilitó su creación. La nueva ley estableció la capacidad del poder ejecutivo nacional para crear territorios insulares agrupando islas de las Dependencias Federales. </p>
</div>
</div>



<p style="text-align: justify;">El 15 de octubre de 2011 el gobierno de Venezuela emitió un decreto con rango, valor y fuerza de ley orgánica que creó una nueva legislación para las Dependencias Federales, y estableció la aparición de figuras jurídicas nuevas como los jefes de gobierno y los territorios insulares. El 27 de octubre la ley fue avalada por el Tribunal supremo de Justicia y fue publicada en la Gaceta Oficial 39.787.3.</p>



<hr class="wp-block-separator has-alpha-channel-opacity is-style-dots"/>



<h2 class="wp-block-heading">Geografía</h2>



<div class="wp-block-columns is-layout-flex wp-container-core-columns-is-layout-9d6595d7 wp-block-columns-is-layout-flex">
<div class="wp-block-column is-layout-flow wp-block-column-is-layout-flow" style="flex-basis:66.66%">
<p style="text-align: justify;">El Territorio Insular Francisco de Miranda está formado por tres grupos de islas, el Archipiélago Las Aves al este de la isla neerlandesa de Bonaire, al norte de la costa del Estado Aragua y que es básicamente formada por un complejo de arrecifes (atolones) conocidos como Aves de Sotavento y Aves de Barlovento (no debe confundirse con la Isla de Aves mucho más al norte, cerca de Dominica) con 8 islas mayores y 12 islas o cayos menores con una altura máxima de 16 metros sobre el nivel del mar.</p>
</div>



<div class="wp-block-column is-layout-flow wp-block-column-is-layout-flow" style="flex-basis:33.33%">
<figure class="wp-block-image size-full is-style-rounded"><img loading="lazy" decoding="async" width="960" height="640" src="https://www.tifm.gob.ve/wp-content/uploads/2024/02/los-roques-1.jpeg" alt="" class="wp-image-1310" style="aspect-ratio:1;object-fit:cover" srcset="https://www.tifm.gob.ve//wp-content/uploads/2024/02/los-roques-1.jpeg 960w, https://www.tifm.gob.ve//wp-content/uploads/2024/02/los-roques-1-300x200.jpeg 300w, https://www.tifm.gob.ve//wp-content/uploads/2024/02/los-roques-1-768x512.jpeg 768w" sizes="auto, (max-width: 960px) 100vw, 960px" /></figure>
</div>
</div>



<p style="text-align: justify;">El Archipiélago Los Roques, entre las Aves y La Orchila y al norte del Estado Vargas (La Guaira), donde se concentra la mayoría de la población, parque nacional desde 1972 y donde está la capital del territorio (Gran Roque) también un complejo de Arrecifes con al menos 42 islotes o cayos, 250 bancos de arena y con una altura máxima de 120 metros sobre el Nivel del Mar.</p>
<p style="text-align: justify;"> Y finalmente el Archipiélago de La Orchila a veces conocido simplemente con Isla La Orchila una serie de islas de formaciones arrecifales donde se encuentra un base de la Armada y el ejército de Venezuela conformada por una isla principal y 6 cayos o islotes más pequeños al este de Los Roques y al norte del Estado Vargas.</p>

<p>Un 10 de noviembre del año 2011 nace el Territorio Insular Francisco de Miranda (TIFM) como un sueño del Comandante Hugo Chávez para ejercer actos de soberanía y ejercicio efectivo del Gobierno dentro del espacio geográfico insular y marítimo de la República Bolivariana de Venezuela integrando el espacio que circunda los Archipiélagos Las Aves, La [&hellip;]</p>
