{"id":124,"date":"2023-10-10T11:38:44","date_gmt":"2023-10-10T15:38:44","guid":{"rendered":"http:\/\/web03.tifm.gob.ve\/?page_id=124"},"modified":"2024-02-05T17:02:41","modified_gmt":"2024-02-05T21:02:41","slug":"secretaria-de-apoyo-y-servicios-publicos","status":"publish","type":"page","link":"https:\/\/www.tifm.gob.ve\/?page_id=124","title":{"rendered":"Secretar\u00eda de Apoyo y Servicios P\u00fablicos"},"content":{"rendered":"\n<div class=\"wp-block-columns is-layout-flex wp-container-core-columns-is-layout-9d6595d7 wp-block-columns-is-layout-flex\">\n<div class=\"wp-block-column is-layout-flow wp-block-column-is-layout-flow\" style=\"flex-basis:66.66%\">\n<p><strong>OBJETIVO<\/strong><\/p>\n\n\n\n<p style=\"text-align: justify;\">Operaci\u00f3n y mantenimiento de los servicios p\u00fablicos e infraestructuras que garanticen el soporte log\u00edstico en el Territorio Insular Francisco de Miranda, a fin de mejorar la calidad de vida de los pobladores y visitantes, a trav\u00e9s de las distintos servicios que se prestan de manera equitativa y sostenible, en un marco normativo y presupuestario para el desarrollo de la econom\u00eda del mantenimiento.<\/p>\n<\/div>\n\n\n\n<div class=\"wp-block-column is-layout-flow wp-block-column-is-layout-flow\" style=\"flex-basis:33.33%\"><\/div>\n<\/div>\n\n\n\n<p><strong>FUNCIONES<\/strong><\/p>\n\n\n\n<ol>\n<li style=\"text-align: justify;\">Coordinar con el \u00f3rgano rector en materia de electricidad la prestaci\u00f3n efectiva del servicio en el Territorio Insular Francisco de Miranda.<\/li>\n<li style=\"text-align: justify;\">Coordinar con el \u00f3rgano rector en materia de agua potable y aguas servidas la prestaci\u00f3n efectiva del servicio en el Territorio Insular Francisco de Miranda.<\/li>\n<li style=\"text-align: justify;\">Coordinar con el \u00f3rgano rector en materia de combustibles y lubricantes la prestaci\u00f3n efectiva del servicio en el Territorio Insular Francisco de Miranda.<\/li>\n<li style=\"text-align: justify;\">Coordinar con el \u00f3rgano rector en materia de recolecci\u00f3n, disposici\u00f3n de desechos s\u00f3lidos y saneamiento ambiental la prestaci\u00f3n efectiva del servicio en el Territorio Insular Francisco de Miranda.<\/li>\n<li style=\"text-align: justify;\">Garantizar y dar continuidad a la prestaci\u00f3n efectiva de servicios b\u00e1sicos de electricidad, agua potable, aguas servidas, combustibles y lubricantes, recolecci\u00f3n y disposici\u00f3n de desechos s\u00f3lidos, y saneamiento ambiental en el Territorio Insular Francisco de Miranda.<\/li>\n<li style=\"text-align: justify;\">Garantizar los mantenimientos preventivos y correctivos de los equipos, maquinarias, veh\u00edculos y naves que prestan servicio p\u00fablico en el Territorio Insular Francisco de Miranda.<\/li>\n<\/ol>\n\n\n\n<div class=\"wp-block-columns is-layout-flex wp-container-core-columns-is-layout-9d6595d7 wp-block-columns-is-layout-flex\">\n<div class=\"wp-block-column is-layout-flow wp-block-column-is-layout-flow\"><\/div>\n<\/div>\n","protected":false},"excerpt":{"rendered":"<p>OBJETIVO Operaci\u00f3n y mantenimiento de los servicios p\u00fablicos e infraestructuras que garanticen el soporte log\u00edstico en el Territorio Insular Francisco de Miranda, a fin de mejorar la calidad de vida de los pobladores y visitantes, a trav\u00e9s de las distintos servicios que se prestan de manera equitativa y sostenible, en un marco normativo y presupuestario [&hellip;]<\/p>\n","protected":false},"author":1,"featured_media":0,"parent":0,"menu_order":0,"comment_status":"closed","ping_status":"closed","template":"","meta":{"footnotes":""},"class_list":["post-124","page","type-page","status-publish","hentry"],"_links":{"self":[{"href":"https:\/\/www.tifm.gob.ve\/index.php?rest_route=\/wp\/v2\/pages\/124","targetHints":{"allow":["GET"]}}],"collection":[{"href":"https:\/\/www.tifm.gob.ve\/index.php?rest_route=\/wp\/v2\/pages"}],"about":[{"href":"https:\/\/www.tifm.gob.ve\/index.php?rest_route=\/wp\/v2\/types\/page"}],"author":[{"embeddable":true,"href":"https:\/\/www.tifm.gob.ve\/index.php?rest_route=\/wp\/v2\/users\/1"}],"replies":[{"embeddable":true,"href":"https:\/\/www.tifm.gob.ve\/index.php?rest_route=%2Fwp%2Fv2%2Fcomments&post=124"}],"version-history":[{"count":9,"href":"https:\/\/www.tifm.gob.ve\/index.php?rest_route=\/wp\/v2\/pages\/124\/revisions"}],"predecessor-version":[{"id":1525,"href":"https:\/\/www.tifm.gob.ve\/index.php?rest_route=\/wp\/v2\/pages\/124\/revisions\/1525"}],"wp:attachment":[{"href":"https:\/\/www.tifm.gob.ve\/index.php?rest_route=%2Fwp%2Fv2%2Fmedia&parent=124"}],"curies":[{"name":"wp","href":"https:\/\/api.w.org\/{rel}","templated":true}]}}