{"id":120,"date":"2023-10-10T11:38:04","date_gmt":"2023-10-10T15:38:04","guid":{"rendered":"http:\/\/web03.tifm.gob.ve\/?page_id=120"},"modified":"2024-02-06T09:13:41","modified_gmt":"2024-02-06T13:13:41","slug":"secretaria-de-infraestructura-y-proyectos","status":"publish","type":"page","link":"https:\/\/www.tifm.gob.ve\/?page_id=120","title":{"rendered":"Secretar\u00eda de Infraestructura y Proyectos"},"content":{"rendered":"\n<p><strong>OBJETIVO<\/strong><\/p>\n\n\n\n<div class=\"wp-block-columns is-layout-flex wp-container-core-columns-is-layout-9d6595d7 wp-block-columns-is-layout-flex\">\n<div class=\"wp-block-column is-layout-flow wp-block-column-is-layout-flow\">\n<p style=\"text-align: justify;\">Consolidar la infraestructura urbana e instalaciones de servicios tur\u00edsticos, de acuerdo a las necesidades de las poblaciones que integran el Territorio Insular Francisco de Miranda.<\/p>\n<\/div>\n\n\n\n<div class=\"wp-block-column is-layout-flow wp-block-column-is-layout-flow\"><div class=\"wp-block-image\">\n<figure class=\"aligncenter size-full is-resized\"><img loading=\"lazy\" decoding=\"async\" width=\"554\" height=\"391\" src=\"https:\/\/www.tifm.gob.ve\/wp-content\/uploads\/2024\/02\/infra.png\" alt=\"\" class=\"wp-image-1547\" style=\"width:274px;height:auto\" srcset=\"https:\/\/www.tifm.gob.ve\/\/wp-content\/uploads\/2024\/02\/infra.png 554w, https:\/\/www.tifm.gob.ve\/\/wp-content\/uploads\/2024\/02\/infra-300x212.png 300w\" sizes=\"auto, (max-width: 554px) 100vw, 554px\" \/><\/figure>\n<\/div><\/div>\n<\/div>\n\n\n\n<p><strong>FUNCIONES<\/strong><\/p>\n\n\n\n<div class=\"wp-block-columns is-layout-flex wp-container-core-columns-is-layout-9d6595d7 wp-block-columns-is-layout-flex\">\n<div class=\"wp-block-column is-layout-flow wp-block-column-is-layout-flow\">\n<ol>\n<li>Formular, ejecutar y controlar los planes, programas y proyectos que en materia de obras civiles y programas de inversi\u00f3n deban desarrollarse en el Territorio Insular Francisco de Miranda, y presentarlo a la Direcci\u00f3n de Planificaci\u00f3n y Control de Gesti\u00f3n para el cabal cumplimiento de los objetivos de la Jefatura de Gobierno.<\/li>\n<li>Coordinar la elaboraci\u00f3n de estudios y dise\u00f1os para obras de infraestructura.<\/li>\n<li>Garantizar la ejecuci\u00f3n de los proyectos de infraestructura en las instalaciones requeridas por el Territorio Insular Francisco de Miranda.<\/li>\n<li>Realizar la evaluaci\u00f3n t\u00e9cnica administrativa y contable, asegurando que el proyecto a ejecutar cumpla con los objetos propuestos en los contratos, garantizando la calidad de los materiales.<\/li>\n<\/ol>\n<\/div>\n\n\n\n<div class=\"wp-block-column is-layout-flow wp-block-column-is-layout-flow\">\n\n\n<ol class=\"wp-block-list\" start=\"5\">\n<li>Coordinar conjuntamente con las Direcciones de Planificaci\u00f3n y Control de Gesti\u00f3n, Presupuesto y Administraci\u00f3n, la presentaci\u00f3n, evaluaci\u00f3n y financiamiento de proyectos de obras civiles registrados en el banco de proyectos.<\/li>\n\n\n\n<li>Dirigir y coordinar los planes, programas, proyectos y obras en materia de infraestructura que debe desarrollar el Territorio Insular con sujeci\u00f3n a su disponibilidad presupuestaria y al Plan Operativo Anual, enmarcados en los lineamientos del Plan de Desarrollo Econ\u00f3mico y Social de la Naci\u00f3n.<\/li>\n\n\n\n<li>Conformar y mantener el registro catastral en el Territorio Insular Francisco de Miranda, en coordinaci\u00f3n con los \u00f3rganos y entes competentes.<\/li>\n\n\n\n<li>Las dem\u00e1s atribuciones que le confieren las leyes, reglamentos, decretos, resoluciones y otros actos administrativos en las materias de su competencia o que instruya el Jefe o Jefa de Gobierno y\/o el Secretario o Secretaria General.<\/li>\n<\/ol>\n<\/div>\n<\/div>\n","protected":false},"excerpt":{"rendered":"<p>OBJETIVO Consolidar la infraestructura urbana e instalaciones de servicios tur\u00edsticos, de acuerdo a las necesidades de las poblaciones que integran el Territorio Insular Francisco de Miranda. FUNCIONES Formular, ejecutar y controlar los planes, programas y proyectos que en materia de obras civiles y programas de inversi\u00f3n deban desarrollarse en el Territorio Insular Francisco de Miranda, [&hellip;]<\/p>\n","protected":false},"author":1,"featured_media":0,"parent":0,"menu_order":0,"comment_status":"closed","ping_status":"closed","template":"","meta":{"footnotes":""},"class_list":["post-120","page","type-page","status-publish","hentry"],"_links":{"self":[{"href":"https:\/\/www.tifm.gob.ve\/index.php?rest_route=\/wp\/v2\/pages\/120","targetHints":{"allow":["GET"]}}],"collection":[{"href":"https:\/\/www.tifm.gob.ve\/index.php?rest_route=\/wp\/v2\/pages"}],"about":[{"href":"https:\/\/www.tifm.gob.ve\/index.php?rest_route=\/wp\/v2\/types\/page"}],"author":[{"embeddable":true,"href":"https:\/\/www.tifm.gob.ve\/index.php?rest_route=\/wp\/v2\/users\/1"}],"replies":[{"embeddable":true,"href":"https:\/\/www.tifm.gob.ve\/index.php?rest_route=%2Fwp%2Fv2%2Fcomments&post=120"}],"version-history":[{"count":12,"href":"https:\/\/www.tifm.gob.ve\/index.php?rest_route=\/wp\/v2\/pages\/120\/revisions"}],"predecessor-version":[{"id":1549,"href":"https:\/\/www.tifm.gob.ve\/index.php?rest_route=\/wp\/v2\/pages\/120\/revisions\/1549"}],"wp:attachment":[{"href":"https:\/\/www.tifm.gob.ve\/index.php?rest_route=%2Fwp%2Fv2%2Fmedia&parent=120"}],"curies":[{"name":"wp","href":"https:\/\/api.w.org\/{rel}","templated":true}]}}