{"id":118,"date":"2023-10-10T11:37:48","date_gmt":"2023-10-10T15:37:48","guid":{"rendered":"http:\/\/web03.tifm.gob.ve\/?page_id=118"},"modified":"2024-02-06T08:21:48","modified_gmt":"2024-02-06T12:21:48","slug":"secretaria-de-educacion","status":"publish","type":"page","link":"https:\/\/www.tifm.gob.ve\/?page_id=118","title":{"rendered":"Secretar\u00eda de Educaci\u00f3n"},"content":{"rendered":"\n<p><strong>OBJETIVO<\/strong><\/p>\n\n\n\n<div class=\"wp-block-columns is-layout-flex wp-container-core-columns-is-layout-9d6595d7 wp-block-columns-is-layout-flex\">\n<div class=\"wp-block-column is-layout-flow wp-block-column-is-layout-flow\">\n<p style=\"text-align: justify;\">Garantizar el acceso y la permanencia de ni\u00f1os y j\u00f3venes del Territorio Insular Francisco de Miranda a un sistema educativo caracterizado por la calidad, la eficiencia, la efectividad y la pertinencia, que forme ciudadanos comprometidos con su comunidad, su regi\u00f3n y el pa\u00eds, para la construcci\u00f3n de una sociedad democr\u00e1tica, incluyente, equitativa y productiva.<\/p>\n<\/div>\n\n\n\n<div class=\"wp-block-column is-layout-flow wp-block-column-is-layout-flow\" style=\"flex-basis:55%\">\n<div class=\"wp-block-buttons is-content-justification-center is-layout-flex wp-container-core-buttons-is-layout-16018d1d wp-block-buttons-is-layout-flex\">\n<div class=\"wp-block-button has-custom-font-size is-style-fill has-medium-font-size\"><a class=\"wp-block-button__link has-white-color has-vivid-cyan-blue-background-color has-text-color has-background has-link-color has-text-align-center wp-element-button\" href=\"https:\/\/www.tifm.gob.ve\/?page_id=473\"><strong>Bolet\u00edn Informativo<\/strong><\/a><\/div>\n<\/div>\n\n\n<div class=\"_3d-flip-book  fb3d-fullscreen-mode full-size\" data-id=\"1296\" data-mode=\"fullscreen\" data-title=\"false\" data-template=\"short-white-book-view\" data-lightbox=\"dark-shadow\" data-urlparam=\"fb3d-page\" data-page-n=\"0\" data-pdf=\"\" data-tax=\"null\" data-thumbnail=\"\" data-cols=\"3\" data-book-template=\"default\" data-trigger=\"\"><\/div><script type=\"text\/javascript\">window.FB3D_CLIENT_DATA = window.FB3D_CLIENT_DATA || [];FB3D_CLIENT_DATA.push('eyJwb3N0cyI6eyIxMjk2Ijp7IklEIjoxMjk2LCJ0aXRsZSI6IkRpY2llbWJyZSIsInR5cGUiOiJwZGYiLCJyZWFkeV9mdW5jdGlvbiI6IiIsImJvb2tfc3R5bGUiOiJ2b2x1bWUtcGFkZGluZ3MiLCJib29rX3RlbXBsYXRlIjoibm9uZSIsIm91dGxpbmUiOltdLCJkYXRhIjp7InBvc3RfSUQiOiIxMjk3IiwiZ3VpZCI6Imh0dHA6XC9cL3d3dy50aWZtLmdvYi52ZVwvd3AtY29udGVudFwvdXBsb2Fkc1wvMjAyNFwvMDJcLzMzLUJPTEVUSU4tRURVQ0FUSVZPLURJQ0lFTUJSRS5wZGYiLCJwZGZfcGFnZXMiOiIyMSIsInBhZ2VzX2N1c3RvbWl6YXRpb24iOiJub25lIn0sInRodW1ibmFpbCI6eyJkYXRhIjp7InBvc3RfSUQiOiIwIn0sInR5cGUiOiJhdXRvIn0sInByb3BzIjp7ImJhY2tncm91bmRDb2xvciI6ImF1dG8iLCJiYWNrZ3JvdW5kSW1hZ2UiOiJhdXRvIiwiYmFja2dyb3VuZFN0eWxlIjoiYXV0byIsImhpZ2hsaWdodExpbmtzIjoiYXV0byIsImxpZ2h0aW5nIjoiYXV0byIsImNhY2hlZFBhZ2VzIjoiYXV0byIsInJlbmRlckluYWN0aXZlUGFnZXMiOiJhdXRvIiwicmVuZGVySW5hY3RpdmVQYWdlc09uTW9iaWxlIjoiYXV0byIsInJlbmRlcldoaWxlRmxpcHBpbmciOiJhdXRvIiwicHJlbG9hZFBhZ2VzIjoiYXV0byIsImF1dG9QbGF5RHVyYXRpb24iOiJhdXRvIiwicnRsIjoiYXV0byIsImludGVyYWN0aXZlQ29ybmVycyI6ImF1dG8iLCJtYXhEZXB0aCI6ImF1dG8iLCJzaGVldCI6eyJzdGFydFZlbG9jaXR5IjoiYXV0byIsIndhdmUiOiJhdXRvIiwic2hhcGUiOiJhdXRvIiwid2lkdGhUZXhlbHMiOiJhdXRvIiwiY29sb3IiOiJhdXRvIiwic2lkZSI6ImF1dG8iLCJjb3JuZXJEZXZpYXRpb24iOiJhdXRvIiwiZmxleGliaWxpdHkiOiJhdXRvIiwiZmxleGlibGVDb3JuZXIiOiJhdXRvIiwiYmVuZGluZyI6ImF1dG8iLCJoZWlnaHRUZXhlbHMiOiJhdXRvIn0sImNvdmVyIjp7IndhdmUiOiJhdXRvIiwiY29sb3IiOiJhdXRvIiwic2lkZSI6ImF1dG8iLCJiaW5kZXJUZXh0dXJlIjoiYXV0byIsImRlcHRoIjoiYXV0byIsInBhZGRpbmciOiJhdXRvIiwic3RhcnRWZWxvY2l0eSI6ImF1dG8iLCJmbGV4aWJpbGl0eSI6ImF1dG8iLCJmbGV4aWJsZUNvcm5lciI6ImF1dG8iLCJiZW5kaW5nIjoiYXV0byIsIndpZHRoVGV4ZWxzIjoiYXV0byIsImhlaWdodFRleGVscyI6ImF1dG8iLCJtYXNzIjoiYXV0byIsInNoYXBlIjoiYXV0byJ9LCJwYWdlIjp7IndhdmUiOiJhdXRvIiwiY29sb3IiOiJhdXRvIiwic2lkZSI6ImF1dG8iLCJkZXB0aCI6ImF1dG8iLCJzdGFydFZlbG9jaXR5IjoiYXV0byIsImZsZXhpYmlsaXR5IjoiYXV0byIsImZsZXhpYmxlQ29ybmVyIjoiYXV0byIsImJlbmRpbmciOiJhdXRvIiwid2lkdGhUZXhlbHMiOiJhdXRvIiwiaGVpZ2h0VGV4ZWxzIjoiYXV0byIsIm1hc3MiOiJhdXRvIiwic2hhcGUiOiJhdXRvIn0sImhlaWdodCI6ImF1dG8iLCJ3aWR0aCI6ImF1dG8iLCJncmF2aXR5IjoiYXV0byIsInBhZ2VzRm9yUHJlZGljdGluZyI6ImF1dG8ifSwiY29udHJvbFByb3BzIjp7ImFjdGlvbnMiOnsiY21kVG9jIjp7ImVuYWJsZWQiOiJhdXRvIiwiZW5hYmxlZEluTmFycm93IjoiYXV0byIsImFjdGl2ZSI6ImF1dG8iLCJkZWZhdWx0VGFiIjoiYXV0byJ9LCJjbWRBdXRvUGxheSI6eyJlbmFibGVkIjoiYXV0byIsImVuYWJsZWRJbk5hcnJvdyI6ImF1dG8iLCJhY3RpdmUiOiJhdXRvIn0sImNtZFNhdmUiOnsiZW5hYmxlZCI6ImF1dG8iLCJlbmFibGVkSW5OYXJyb3ciOiJhdXRvIn0sImNtZFByaW50Ijp7ImVuYWJsZWQiOiJhdXRvIiwiZW5hYmxlZEluTmFycm93IjoiYXV0byJ9LCJjbWRTaW5nbGVQYWdlIjp7ImVuYWJsZWQiOiJhdXRvIiwiZW5hYmxlZEluTmFycm93IjoiYXV0byIsImFjdGl2ZSI6ImF1dG8iLCJhY3RpdmVGb3JNb2JpbGUiOiJhdXRvIn0sIndpZFRvb2xiYXIiOnsiZW5hYmxlZCI6ImF1dG8iLCJlbmFibGVkSW5OYXJyb3ciOiJhdXRvIn19fSwiYXV0b1RodW1ibmFpbCI6Imh0dHBzOlwvXC93d3cudGlmbS5nb2IudmVcL1wvd3AtY29udGVudFwvdXBsb2Fkc1wvM2QtZmxpcC1ib29rXC9hdXRvLXRodW1ibmFpbHNcLzEyOTYucG5nIiwicG9zdF9uYW1lIjoiZGljaWVtYnJlIiwicG9zdF90eXBlIjoiM2QtZmxpcC1ib29rIn19LCJwYWdlcyI6W10sImZpcnN0UGFnZXMiOltdfQ==');window.FB3D_CLIENT_LOCALE && FB3D_CLIENT_LOCALE.render && FB3D_CLIENT_LOCALE.render();<\/script>\n<\/div>\n<\/div>\n\n\n\n<hr class=\"wp-block-separator has-text-color has-vivid-cyan-blue-color has-alpha-channel-opacity has-vivid-cyan-blue-background-color has-background is-style-dots\"\/>\n\n\n\n<p><strong>FUNCIONES<\/strong><\/p>\n\n\n\n<div class=\"wp-block-columns is-layout-flex wp-container-core-columns-is-layout-9d6595d7 wp-block-columns-is-layout-flex\">\n<div class=\"wp-block-column is-layout-flow wp-block-column-is-layout-flow\">\n<ol>\n<li style=\"text-align: justify;\">Formular, orientar y coordinar las pol\u00edticas y planes del Sector Educaci\u00f3n en el Territorio Insular Francisco de Miranda, en concordancia con el Plan de Desarrollo Econ\u00f3mico y Social de la Naci\u00f3n, y el Plan Sectorial de Educaci\u00f3n y las dem\u00e1s normas de orden nacional y regional.<\/li>\n<li style=\"text-align: justify;\">Desarrollar estrategias que garanticen el acceso y permanencia de los ni\u00f1os, ni\u00f1as y j\u00f3venes en el sistema educativo, as\u00ed como la pertinencia, calidad y equidad de la educaci\u00f3n en sus diferentes formas, niveles y modalidades.<\/li>\n<li style=\"text-align: justify;\">Ejercer la inspecci\u00f3n, vigilancia, control y evaluaci\u00f3n de la calidad y prestaci\u00f3n del servicio educativo en el Territorio Insular Francisco de Miranda.<\/li>\n<li style=\"text-align: justify;\">Formular programas y proyectos que contribuyan a mejorar la calidad de la educaci\u00f3n.<\/li>\n<li style=\"text-align: justify;\">Fomentar el desarrollo de los m\u00e9todos de ense\u00f1anza y la utilizaci\u00f3n de medios educativos.<\/li>\n<li style=\"text-align: justify;\">Definir, orientar y ejecutar las pol\u00edticas de formaci\u00f3n y actualizaci\u00f3n del personal docente y administrativo al servicio de la comunidad.<\/li>\n<li style=\"text-align: justify;\">Promover estrategias de articulaci\u00f3n de la educaci\u00f3n con las demandas de la regi\u00f3n y las necesidades de sus habitantes.<\/li>\n<\/ol>\n<\/div>\n\n\n\n<div class=\"wp-block-column is-layout-flow wp-block-column-is-layout-flow\">\n<p><\/p>\n<ol class=\"wp-block-list\" start=\"8\">\n<li style=\"text-align: justify;\">Fomentar la articulaci\u00f3n con las instituciones de educaci\u00f3n superior radicadas en el pa\u00eds.<\/li>\n \n<li style=\"text-align: justify;\">Fomentar la formaci\u00f3n en el conocimiento cient\u00edfico t\u00e9cnico y tecnol\u00f3gico en las unidades educativas del Territorio Insular.<\/li>\n \n<li style=\"text-align: justify;\">Fomentar el desarrollo del conocimiento a trav\u00e9s de alianzas estrat\u00e9gicas con el sector productivo regional.<\/li>\n \n<li style=\"text-align: justify;\">Formular, orientar y ejecutar, en coordinaci\u00f3n con el Ministerio del Poder Popular para el Ecosocialismo, la pol\u00edtica de educaci\u00f3n ambiental del Territorio Insular.<\/li>\n \n<li style=\"text-align: justify;\">Dise\u00f1ar e impulsar estrategias y programas para el desarrollo y formaci\u00f3n de la ni\u00f1ez y la juventud.<\/li>\n \n<li style=\"text-align: justify;\">Dise\u00f1ar e impulsar estrategias y programas para el desarrollo de los grupos \u00e9tnicos atendiendo sus caracter\u00edsticas socio culturales y el fomento de la interculturalidad.<\/li>\n \n<li style=\"text-align: justify;\">Dise\u00f1ar e impulsar estrategias y programas para atender la educaci\u00f3n de las personas con necesidades especiales.<\/li>\n \n<li style=\"text-align: justify;\">Consolidar, analizar y entregar la informaci\u00f3n sobre el comportamiento del Sistema educativo, para uso de los organismos nacionales y regionales de direcci\u00f3n y control.<\/li>\n<\/ol>\n<p><\/p>\n<\/div>\n<\/div>\n","protected":false},"excerpt":{"rendered":"<p>OBJETIVO Garantizar el acceso y la permanencia de ni\u00f1os y j\u00f3venes del Territorio Insular Francisco de Miranda a un sistema educativo caracterizado por la calidad, la eficiencia, la efectividad y la pertinencia, que forme ciudadanos comprometidos con su comunidad, su regi\u00f3n y el pa\u00eds, para la construcci\u00f3n de una sociedad democr\u00e1tica, incluyente, equitativa y productiva. [&hellip;]<\/p>\n","protected":false},"author":1,"featured_media":0,"parent":0,"menu_order":0,"comment_status":"closed","ping_status":"closed","template":"","meta":{"footnotes":""},"class_list":["post-118","page","type-page","status-publish","hentry"],"_links":{"self":[{"href":"https:\/\/www.tifm.gob.ve\/index.php?rest_route=\/wp\/v2\/pages\/118","targetHints":{"allow":["GET"]}}],"collection":[{"href":"https:\/\/www.tifm.gob.ve\/index.php?rest_route=\/wp\/v2\/pages"}],"about":[{"href":"https:\/\/www.tifm.gob.ve\/index.php?rest_route=\/wp\/v2\/types\/page"}],"author":[{"embeddable":true,"href":"https:\/\/www.tifm.gob.ve\/index.php?rest_route=\/wp\/v2\/users\/1"}],"replies":[{"embeddable":true,"href":"https:\/\/www.tifm.gob.ve\/index.php?rest_route=%2Fwp%2Fv2%2Fcomments&post=118"}],"version-history":[{"count":23,"href":"https:\/\/www.tifm.gob.ve\/index.php?rest_route=\/wp\/v2\/pages\/118\/revisions"}],"predecessor-version":[{"id":1539,"href":"https:\/\/www.tifm.gob.ve\/index.php?rest_route=\/wp\/v2\/pages\/118\/revisions\/1539"}],"wp:attachment":[{"href":"https:\/\/www.tifm.gob.ve\/index.php?rest_route=%2Fwp%2Fv2%2Fmedia&parent=118"}],"curies":[{"name":"wp","href":"https:\/\/api.w.org\/{rel}","templated":true}]}}

Secretaría de Educación

<p><strong>OBJETIVO</strong></p>



<div class="wp-block-columns is-layout-flex wp-container-core-columns-is-layout-9d6595d7 wp-block-columns-is-layout-flex">
<div class="wp-block-column is-layout-flow wp-block-column-is-layout-flow">
<p style="text-align: justify;">Garantizar el acceso y la permanencia de niños y jóvenes del Territorio Insular Francisco de Miranda a un sistema educativo caracterizado por la calidad, la eficiencia, la efectividad y la pertinencia, que forme ciudadanos comprometidos con su comunidad, su región y el país, para la construcción de una sociedad democrática, incluyente, equitativa y productiva.</p>
</div>



<div class="wp-block-column is-layout-flow wp-block-column-is-layout-flow" style="flex-basis:55%">
<div class="wp-block-buttons is-content-justification-center is-layout-flex wp-container-core-buttons-is-layout-16018d1d wp-block-buttons-is-layout-flex">
<div class="wp-block-button has-custom-font-size is-style-fill has-medium-font-size"><a class="wp-block-button__link has-white-color has-vivid-cyan-blue-background-color has-text-color has-background has-link-color has-text-align-center wp-element-button" href="https://www.tifm.gob.ve/?page_id=473"><strong>Boletín Informativo</strong></a></div>
</div>


<div class="_3d-flip-book  fb3d-fullscreen-mode full-size" data-id="1296" data-mode="fullscreen" data-title="false" data-template="short-white-book-view" data-lightbox="dark-shadow" data-urlparam="fb3d-page" data-page-n="0" data-pdf="" data-tax="null" data-thumbnail="" data-cols="3" data-book-template="default" data-trigger=""></div><script type="text/javascript">window.FB3D_CLIENT_DATA = window.FB3D_CLIENT_DATA || [];FB3D_CLIENT_DATA.push('eyJwb3N0cyI6eyIxMjk2Ijp7IklEIjoxMjk2LCJ0aXRsZSI6IkRpY2llbWJyZSIsInR5cGUiOiJwZGYiLCJyZWFkeV9mdW5jdGlvbiI6IiIsImJvb2tfc3R5bGUiOiJ2b2x1bWUtcGFkZGluZ3MiLCJib29rX3RlbXBsYXRlIjoibm9uZSIsIm91dGxpbmUiOltdLCJkYXRhIjp7InBvc3RfSUQiOiIxMjk3IiwiZ3VpZCI6Imh0dHA6XC9cL3d3dy50aWZtLmdvYi52ZVwvd3AtY29udGVudFwvdXBsb2Fkc1wvMjAyNFwvMDJcLzMzLUJPTEVUSU4tRURVQ0FUSVZPLURJQ0lFTUJSRS5wZGYiLCJwZGZfcGFnZXMiOiIyMSIsInBhZ2VzX2N1c3RvbWl6YXRpb24iOiJub25lIn0sInRodW1ibmFpbCI6eyJkYXRhIjp7InBvc3RfSUQiOiIwIn0sInR5cGUiOiJhdXRvIn0sInByb3BzIjp7ImJhY2tncm91bmRDb2xvciI6ImF1dG8iLCJiYWNrZ3JvdW5kSW1hZ2UiOiJhdXRvIiwiYmFja2dyb3VuZFN0eWxlIjoiYXV0byIsImhpZ2hsaWdodExpbmtzIjoiYXV0byIsImxpZ2h0aW5nIjoiYXV0byIsImNhY2hlZFBhZ2VzIjoiYXV0byIsInJlbmRlckluYWN0aXZlUGFnZXMiOiJhdXRvIiwicmVuZGVySW5hY3RpdmVQYWdlc09uTW9iaWxlIjoiYXV0byIsInJlbmRlcldoaWxlRmxpcHBpbmciOiJhdXRvIiwicHJlbG9hZFBhZ2VzIjoiYXV0byIsImF1dG9QbGF5RHVyYXRpb24iOiJhdXRvIiwicnRsIjoiYXV0byIsImludGVyYWN0aXZlQ29ybmVycyI6ImF1dG8iLCJtYXhEZXB0aCI6ImF1dG8iLCJzaGVldCI6eyJzdGFydFZlbG9jaXR5IjoiYXV0byIsIndhdmUiOiJhdXRvIiwic2hhcGUiOiJhdXRvIiwid2lkdGhUZXhlbHMiOiJhdXRvIiwiY29sb3IiOiJhdXRvIiwic2lkZSI6ImF1dG8iLCJjb3JuZXJEZXZpYXRpb24iOiJhdXRvIiwiZmxleGliaWxpdHkiOiJhdXRvIiwiZmxleGlibGVDb3JuZXIiOiJhdXRvIiwiYmVuZGluZyI6ImF1dG8iLCJoZWlnaHRUZXhlbHMiOiJhdXRvIn0sImNvdmVyIjp7IndhdmUiOiJhdXRvIiwiY29sb3IiOiJhdXRvIiwic2lkZSI6ImF1dG8iLCJiaW5kZXJUZXh0dXJlIjoiYXV0byIsImRlcHRoIjoiYXV0byIsInBhZGRpbmciOiJhdXRvIiwic3RhcnRWZWxvY2l0eSI6ImF1dG8iLCJmbGV4aWJpbGl0eSI6ImF1dG8iLCJmbGV4aWJsZUNvcm5lciI6ImF1dG8iLCJiZW5kaW5nIjoiYXV0byIsIndpZHRoVGV4ZWxzIjoiYXV0byIsImhlaWdodFRleGVscyI6ImF1dG8iLCJtYXNzIjoiYXV0byIsInNoYXBlIjoiYXV0byJ9LCJwYWdlIjp7IndhdmUiOiJhdXRvIiwiY29sb3IiOiJhdXRvIiwic2lkZSI6ImF1dG8iLCJkZXB0aCI6ImF1dG8iLCJzdGFydFZlbG9jaXR5IjoiYXV0byIsImZsZXhpYmlsaXR5IjoiYXV0byIsImZsZXhpYmxlQ29ybmVyIjoiYXV0byIsImJlbmRpbmciOiJhdXRvIiwid2lkdGhUZXhlbHMiOiJhdXRvIiwiaGVpZ2h0VGV4ZWxzIjoiYXV0byIsIm1hc3MiOiJhdXRvIiwic2hhcGUiOiJhdXRvIn0sImhlaWdodCI6ImF1dG8iLCJ3aWR0aCI6ImF1dG8iLCJncmF2aXR5IjoiYXV0byIsInBhZ2VzRm9yUHJlZGljdGluZyI6ImF1dG8ifSwiY29udHJvbFByb3BzIjp7ImFjdGlvbnMiOnsiY21kVG9jIjp7ImVuYWJsZWQiOiJhdXRvIiwiZW5hYmxlZEluTmFycm93IjoiYXV0byIsImFjdGl2ZSI6ImF1dG8iLCJkZWZhdWx0VGFiIjoiYXV0byJ9LCJjbWRBdXRvUGxheSI6eyJlbmFibGVkIjoiYXV0byIsImVuYWJsZWRJbk5hcnJvdyI6ImF1dG8iLCJhY3RpdmUiOiJhdXRvIn0sImNtZFNhdmUiOnsiZW5hYmxlZCI6ImF1dG8iLCJlbmFibGVkSW5OYXJyb3ciOiJhdXRvIn0sImNtZFByaW50Ijp7ImVuYWJsZWQiOiJhdXRvIiwiZW5hYmxlZEluTmFycm93IjoiYXV0byJ9LCJjbWRTaW5nbGVQYWdlIjp7ImVuYWJsZWQiOiJhdXRvIiwiZW5hYmxlZEluTmFycm93IjoiYXV0byIsImFjdGl2ZSI6ImF1dG8iLCJhY3RpdmVGb3JNb2JpbGUiOiJhdXRvIn0sIndpZFRvb2xiYXIiOnsiZW5hYmxlZCI6ImF1dG8iLCJlbmFibGVkSW5OYXJyb3ciOiJhdXRvIn19fSwiYXV0b1RodW1ibmFpbCI6Imh0dHBzOlwvXC93d3cudGlmbS5nb2IudmVcL1wvd3AtY29udGVudFwvdXBsb2Fkc1wvM2QtZmxpcC1ib29rXC9hdXRvLXRodW1ibmFpbHNcLzEyOTYucG5nIiwicG9zdF9uYW1lIjoiZGljaWVtYnJlIiwicG9zdF90eXBlIjoiM2QtZmxpcC1ib29rIn19LCJwYWdlcyI6W10sImZpcnN0UGFnZXMiOltdfQ==');window.FB3D_CLIENT_LOCALE && FB3D_CLIENT_LOCALE.render && FB3D_CLIENT_LOCALE.render();</script>
</div>
</div>



<hr class="wp-block-separator has-text-color has-vivid-cyan-blue-color has-alpha-channel-opacity has-vivid-cyan-blue-background-color has-background is-style-dots"/>



<p><strong>FUNCIONES</strong></p>



<div class="wp-block-columns is-layout-flex wp-container-core-columns-is-layout-9d6595d7 wp-block-columns-is-layout-flex">
<div class="wp-block-column is-layout-flow wp-block-column-is-layout-flow">
<ol>
<li style="text-align: justify;">Formular, orientar y coordinar las políticas y planes del Sector Educación en el Territorio Insular Francisco de Miranda, en concordancia con el Plan de Desarrollo Económico y Social de la Nación, y el Plan Sectorial de Educación y las demás normas de orden nacional y regional.</li>
<li style="text-align: justify;">Desarrollar estrategias que garanticen el acceso y permanencia de los niños, niñas y jóvenes en el sistema educativo, así como la pertinencia, calidad y equidad de la educación en sus diferentes formas, niveles y modalidades.</li>
<li style="text-align: justify;">Ejercer la inspección, vigilancia, control y evaluación de la calidad y prestación del servicio educativo en el Territorio Insular Francisco de Miranda.</li>
<li style="text-align: justify;">Formular programas y proyectos que contribuyan a mejorar la calidad de la educación.</li>
<li style="text-align: justify;">Fomentar el desarrollo de los métodos de enseñanza y la utilización de medios educativos.</li>
<li style="text-align: justify;">Definir, orientar y ejecutar las políticas de formación y actualización del personal docente y administrativo al servicio de la comunidad.</li>
<li style="text-align: justify;">Promover estrategias de articulación de la educación con las demandas de la región y las necesidades de sus habitantes.</li>
</ol>
</div>



<div class="wp-block-column is-layout-flow wp-block-column-is-layout-flow">
<p></p>
<ol class="wp-block-list" start="8">
<li style="text-align: justify;">Fomentar la articulación con las instituciones de educación superior radicadas en el país.</li>
 
<li style="text-align: justify;">Fomentar la formación en el conocimiento científico técnico y tecnológico en las unidades educativas del Territorio Insular.</li>
 
<li style="text-align: justify;">Fomentar el desarrollo del conocimiento a través de alianzas estratégicas con el sector productivo regional.</li>
 
<li style="text-align: justify;">Formular, orientar y ejecutar, en coordinación con el Ministerio del Poder Popular para el Ecosocialismo, la política de educación ambiental del Territorio Insular.</li>
 
<li style="text-align: justify;">Diseñar e impulsar estrategias y programas para el desarrollo y formación de la niñez y la juventud.</li>
 
<li style="text-align: justify;">Diseñar e impulsar estrategias y programas para el desarrollo de los grupos étnicos atendiendo sus características socio culturales y el fomento de la interculturalidad.</li>
 
<li style="text-align: justify;">Diseñar e impulsar estrategias y programas para atender la educación de las personas con necesidades especiales.</li>
 
<li style="text-align: justify;">Consolidar, analizar y entregar la información sobre el comportamiento del Sistema educativo, para uso de los organismos nacionales y regionales de dirección y control.</li>
</ol>
<p></p>
</div>
</div>

<p>OBJETIVO Garantizar el acceso y la permanencia de niños y jóvenes del Territorio Insular Francisco de Miranda a un sistema educativo caracterizado por la calidad, la eficiencia, la efectividad y la pertinencia, que forme ciudadanos comprometidos con su comunidad, su región y el país, para la construcción de una sociedad democrática, incluyente, equitativa y productiva. [&hellip;]</p>
