{"id":114,"date":"2023-10-10T11:37:10","date_gmt":"2023-10-10T15:37:10","guid":{"rendered":"http:\/\/web03.tifm.gob.ve\/?page_id=114"},"modified":"2024-02-05T17:08:27","modified_gmt":"2024-02-05T21:08:27","slug":"secretaria-de-deportes","status":"publish","type":"page","link":"https:\/\/www.tifm.gob.ve\/?page_id=114","title":{"rendered":"Secretar\u00eda de Deportes"},"content":{"rendered":"\n<p><strong>OBJETIVO<\/strong><\/p>\n\n\n\n<div class=\"wp-block-columns is-layout-flex wp-container-core-columns-is-layout-9d6595d7 wp-block-columns-is-layout-flex\">\n<div class=\"wp-block-column is-layout-flow wp-block-column-is-layout-flow\">\n<p style=\"text-align: justify;\">Dise\u00f1ar, implementar, evaluar y controlar pol\u00edticas, planes, programas y proyectos para el deporte y la recreaci\u00f3n en el Territorio Insular Francisco de Miranda; as\u00ed como contribuir a la formaci\u00f3n de la cultura ciudadana y la convivencia garantizando el aprovechamiento del tiempo libre, mediante pr\u00e1cticas deportivas y recreativas, en espacios seguros y adecuados.<\/p>\n<\/div>\n\n\n\n<div class=\"wp-block-column is-layout-flow wp-block-column-is-layout-flow\"><div class=\"wp-block-image\">\n<figure class=\"aligncenter size-full is-resized\"><img loading=\"lazy\" decoding=\"async\" width=\"900\" height=\"569\" src=\"https:\/\/www.tifm.gob.ve\/wp-content\/uploads\/2024\/02\/deporte_vector.png\" alt=\"\" class=\"wp-image-1490\" style=\"width:349px;height:auto\" srcset=\"https:\/\/www.tifm.gob.ve\/\/wp-content\/uploads\/2024\/02\/deporte_vector.png 900w, https:\/\/www.tifm.gob.ve\/\/wp-content\/uploads\/2024\/02\/deporte_vector-300x190.png 300w, https:\/\/www.tifm.gob.ve\/\/wp-content\/uploads\/2024\/02\/deporte_vector-768x486.png 768w, https:\/\/www.tifm.gob.ve\/\/wp-content\/uploads\/2024\/02\/deporte_vector-540x340.png 540w\" sizes=\"auto, (max-width: 900px) 100vw, 900px\" \/><\/figure>\n<\/div><\/div>\n<\/div>\n\n\n\n<p><strong>FUNCIONES<\/strong><\/p>\n\n\n\n<div class=\"wp-block-columns is-layout-flex wp-container-core-columns-is-layout-9d6595d7 wp-block-columns-is-layout-flex\">\n<div class=\"wp-block-column is-layout-flow wp-block-column-is-layout-flow\">\n<ol>\n<li style=\"text-align: justify;\">Dise\u00f1ar, implementar y evaluar los planes y proyectos recreativos y deportivos para la comunidad del Territorio Insular Francisco de Miranda, de manera concertada con los estamentos deportivos nacionales.<\/li>\n<li style=\"text-align: justify;\">Promocionar las actividades recreativas y deportivas mediante la vinculaci\u00f3n de organismos p\u00fablicos y privados dedicados al fomento de estas formas de expresi\u00f3n.<\/li>\n<li style=\"text-align: justify;\">Elaborar e implementar programas para estimular las pr\u00e1cticas recreativas y el aprovechamiento de los escenarios recreativos para la integraci\u00f3n comunitaria y el fortalecimiento del tejido social por medio de actividades l\u00fadicas.<\/li>\n<li style=\"text-align: justify;\">Promover la actividad f\u00edsica y deportiva en personas con discapacidad f\u00edsica y ps\u00edquica.<\/li>\n<\/ol>\n<\/div>\n\n\n\n<div class=\"wp-block-column is-layout-flow wp-block-column-is-layout-flow\">\n\n\n<p><\/p>\n<ol class=\"wp-block-list\" start=\"5\">\n<li style=\"text-align: justify;\">Establecer comunicaci\u00f3n permanente con las instituciones deportivas y los establecimientos del sector educativo, para el desarrollo de las actividades deportivas y recreativas.<\/li>\n \n<li style=\"text-align: justify;\">Prestar asistencia t\u00e9cnica a los diferentes estamentos u organizaciones de \u00edndole recreativa y deportivo.<\/li>\n \n<li style=\"text-align: justify;\">Coordinar con el Ministerio del Poder Popular para el Deporte, la ejecuci\u00f3n de obras para la construcci\u00f3n, ampliaci\u00f3n y mejoramiento de instalaciones deportivas en el Territorio.<\/li>\n \n<li style=\"text-align: justify;\">Promover las escuelas deportivas para ampliar la cobertura de las pr\u00e1cticas deportivas y recreativas, y contribuir a la promoci\u00f3n y prevenci\u00f3n de la salud.<\/li>\n<\/ol>\n<p><\/p>\n<\/div>\n<\/div>\n","protected":false},"excerpt":{"rendered":"<p>OBJETIVO Dise\u00f1ar, implementar, evaluar y controlar pol\u00edticas, planes, programas y proyectos para el deporte y la recreaci\u00f3n en el Territorio Insular Francisco de Miranda; as\u00ed como contribuir a la formaci\u00f3n de la cultura ciudadana y la convivencia garantizando el aprovechamiento del tiempo libre, mediante pr\u00e1cticas deportivas y recreativas, en espacios seguros y adecuados. FUNCIONES Dise\u00f1ar, [&hellip;]<\/p>\n","protected":false},"author":1,"featured_media":0,"parent":0,"menu_order":0,"comment_status":"closed","ping_status":"closed","template":"","meta":{"footnotes":""},"class_list":["post-114","page","type-page","status-publish","hentry"],"_links":{"self":[{"href":"https:\/\/www.tifm.gob.ve\/index.php?rest_route=\/wp\/v2\/pages\/114","targetHints":{"allow":["GET"]}}],"collection":[{"href":"https:\/\/www.tifm.gob.ve\/index.php?rest_route=\/wp\/v2\/pages"}],"about":[{"href":"https:\/\/www.tifm.gob.ve\/index.php?rest_route=\/wp\/v2\/types\/page"}],"author":[{"embeddable":true,"href":"https:\/\/www.tifm.gob.ve\/index.php?rest_route=\/wp\/v2\/users\/1"}],"replies":[{"embeddable":true,"href":"https:\/\/www.tifm.gob.ve\/index.php?rest_route=%2Fwp%2Fv2%2Fcomments&post=114"}],"version-history":[{"count":11,"href":"https:\/\/www.tifm.gob.ve\/index.php?rest_route=\/wp\/v2\/pages\/114\/revisions"}],"predecessor-version":[{"id":1529,"href":"https:\/\/www.tifm.gob.ve\/index.php?rest_route=\/wp\/v2\/pages\/114\/revisions\/1529"}],"wp:attachment":[{"href":"https:\/\/www.tifm.gob.ve\/index.php?rest_route=%2Fwp%2Fv2%2Fmedia&parent=114"}],"curies":[{"name":"wp","href":"https:\/\/api.w.org\/{rel}","templated":true}]}}