{"id":112,"date":"2023-10-10T11:36:53","date_gmt":"2023-10-10T15:36:53","guid":{"rendered":"http:\/\/web03.tifm.gob.ve\/?page_id=112"},"modified":"2024-02-05T16:55:05","modified_gmt":"2024-02-05T20:55:05","slug":"secretaria-de-cultura","status":"publish","type":"page","link":"https:\/\/www.tifm.gob.ve\/?page_id=112","title":{"rendered":"Secretar\u00eda de Cultura"},"content":{"rendered":"\n<p><strong>OBJETIVO<\/strong><\/p>\n\n\n\n<div class=\"wp-block-columns is-layout-flex wp-container-core-columns-is-layout-9d6595d7 wp-block-columns-is-layout-flex\">\n<div class=\"wp-block-column is-layout-flow wp-block-column-is-layout-flow\"><div class=\"wp-block-image\">\n<figure class=\"aligncenter size-full is-resized\"><img loading=\"lazy\" decoding=\"async\" width=\"837\" height=\"685\" src=\"https:\/\/www.tifm.gob.ve\/wp-content\/uploads\/2024\/02\/cultura.png\" alt=\"\" class=\"wp-image-1496\" style=\"width:248px;height:auto\" srcset=\"https:\/\/www.tifm.gob.ve\/\/wp-content\/uploads\/2024\/02\/cultura.png 837w, https:\/\/www.tifm.gob.ve\/\/wp-content\/uploads\/2024\/02\/cultura-300x246.png 300w, https:\/\/www.tifm.gob.ve\/\/wp-content\/uploads\/2024\/02\/cultura-768x629.png 768w\" sizes=\"auto, (max-width: 837px) 100vw, 837px\" \/><\/figure>\n<\/div><\/div>\n\n\n\n<div class=\"wp-block-column is-layout-flow wp-block-column-is-layout-flow\">\n<p style=\"text-align: justify;\">Desarrollar y promover proyectos y\/o programas de acci\u00f3n cultural, tanto a nivel institucional, como a nivel de las comunidades del Territorio Insular, a fin de posicionar y consolidar los valores de la identidad y la conciencia nacional, as\u00ed como el fortalecimiento de las manifestaciones de la cultura popular comunitaria.<\/p>\n<\/div>\n<\/div>\n\n\n\n<p><strong>FUNCIONES<\/strong><\/p>\n\n\n\n<div class=\"wp-block-columns is-layout-flex wp-container-core-columns-is-layout-9d6595d7 wp-block-columns-is-layout-flex\">\n<div class=\"wp-block-column is-layout-flow wp-block-column-is-layout-flow\">\n<ol>\n<li>Elaborar un Plan de Acci\u00f3n Cultural en el Territorio Insular Francisco de Miranda generando la mayor suma de felicidad posible en sus pobladores.<\/li>\n<li>Impulsar la participaci\u00f3n de la comunidad, en la planificaci\u00f3n, promoci\u00f3n y realizaci\u00f3n de procesos y actividades culturales.<\/li>\n<li>Promover a nivel regional, nacional e internacional los valores culturales del Territorio Insular Francisco de Miranda.<\/li>\n<li>Garantizar el acceso a servicios bibliotecarios de calidad, mediante la incorporaci\u00f3n de nuevos paradigmas en la promoci\u00f3n de la lectura y facilitar la circulaci\u00f3n y acceso a la informaci\u00f3n y el conocimiento, especialmente en la poblaci\u00f3n escolarizada.<\/li>\n<\/ol>\n<\/div>\n\n\n\n<div class=\"wp-block-column is-layout-flow wp-block-column-is-layout-flow\">\n<p><\/p>\n<ol class=\"wp-block-list\" start=\"5\">\n<li style=\"text-align: justify;\">Contribuir al desarrollo integral de la sociedad promoviendo el ejercicio de los derechos culturales de la poblaci\u00f3n en diversidad funcional, a trav\u00e9s de los lenguajes expresivos y est\u00e9ticos.<\/li>\n \n<li style=\"text-align: justify;\">Fomentar procesos de formaci\u00f3n art\u00edstica y de creaci\u00f3n cultural que resguarden las manifestaciones art\u00edsticas as\u00ed como el patrimonio y las tradiciones culturales aut\u00f3ctonas.<\/li>\n \n<li style=\"text-align: justify;\">Fortalecer el empoderamiento social del Patrimonio Cultural del Territorio Insular Francisco de Miranda, generando planes, proyectos de resguardo y crecimiento del patrimonio cultural e hist\u00f3rico.<\/li>\n \n<li style=\"text-align: justify;\">Establecer y consolidar relaciones de trabajo creador con el Ministerio del Poder Popular para la Cultura.<\/li>\n \n<li style=\"text-align: justify;\">Servir de instancia promotora de iniciativas culturales que contribuyan al engrandecimiento de la cultura y la conciencia transformadora de la poblaci\u00f3n.<\/li>\n<\/ol>\n<p style=\"text-align: justify;\"><\/p>\n<\/div>\n<\/div>\n","protected":false},"excerpt":{"rendered":"<p>OBJETIVO Desarrollar y promover proyectos y\/o programas de acci\u00f3n cultural, tanto a nivel institucional, como a nivel de las comunidades del Territorio Insular, a fin de posicionar y consolidar los valores de la identidad y la conciencia nacional, as\u00ed como el fortalecimiento de las manifestaciones de la cultura popular comunitaria. FUNCIONES Elaborar un Plan de [&hellip;]<\/p>\n","protected":false},"author":1,"featured_media":0,"parent":0,"menu_order":0,"comment_status":"closed","ping_status":"closed","template":"","meta":{"footnotes":""},"class_list":["post-112","page","type-page","status-publish","hentry"],"_links":{"self":[{"href":"https:\/\/www.tifm.gob.ve\/index.php?rest_route=\/wp\/v2\/pages\/112","targetHints":{"allow":["GET"]}}],"collection":[{"href":"https:\/\/www.tifm.gob.ve\/index.php?rest_route=\/wp\/v2\/pages"}],"about":[{"href":"https:\/\/www.tifm.gob.ve\/index.php?rest_route=\/wp\/v2\/types\/page"}],"author":[{"embeddable":true,"href":"https:\/\/www.tifm.gob.ve\/index.php?rest_route=\/wp\/v2\/users\/1"}],"replies":[{"embeddable":true,"href":"https:\/\/www.tifm.gob.ve\/index.php?rest_route=%2Fwp%2Fv2%2Fcomments&post=112"}],"version-history":[{"count":9,"href":"https:\/\/www.tifm.gob.ve\/index.php?rest_route=\/wp\/v2\/pages\/112\/revisions"}],"predecessor-version":[{"id":1514,"href":"https:\/\/www.tifm.gob.ve\/index.php?rest_route=\/wp\/v2\/pages\/112\/revisions\/1514"}],"wp:attachment":[{"href":"https:\/\/www.tifm.gob.ve\/index.php?rest_route=%2Fwp%2Fv2%2Fmedia&parent=112"}],"curies":[{"name":"wp","href":"https:\/\/api.w.org\/{rel}","templated":true}]}}

Secretaría de Cultura

<p><strong>OBJETIVO</strong></p>



<div class="wp-block-columns is-layout-flex wp-container-core-columns-is-layout-9d6595d7 wp-block-columns-is-layout-flex">
<div class="wp-block-column is-layout-flow wp-block-column-is-layout-flow"><div class="wp-block-image">
<figure class="aligncenter size-full is-resized"><img loading="lazy" decoding="async" width="837" height="685" src="https://www.tifm.gob.ve/wp-content/uploads/2024/02/cultura.png" alt="" class="wp-image-1496" style="width:248px;height:auto" srcset="https://www.tifm.gob.ve//wp-content/uploads/2024/02/cultura.png 837w, https://www.tifm.gob.ve//wp-content/uploads/2024/02/cultura-300x246.png 300w, https://www.tifm.gob.ve//wp-content/uploads/2024/02/cultura-768x629.png 768w" sizes="auto, (max-width: 837px) 100vw, 837px" /></figure>
</div></div>



<div class="wp-block-column is-layout-flow wp-block-column-is-layout-flow">
<p style="text-align: justify;">Desarrollar y promover proyectos y/o programas de acción cultural, tanto a nivel institucional, como a nivel de las comunidades del Territorio Insular, a fin de posicionar y consolidar los valores de la identidad y la conciencia nacional, así como el fortalecimiento de las manifestaciones de la cultura popular comunitaria.</p>
</div>
</div>



<p><strong>FUNCIONES</strong></p>



<div class="wp-block-columns is-layout-flex wp-container-core-columns-is-layout-9d6595d7 wp-block-columns-is-layout-flex">
<div class="wp-block-column is-layout-flow wp-block-column-is-layout-flow">
<ol>
<li>Elaborar un Plan de Acción Cultural en el Territorio Insular Francisco de Miranda generando la mayor suma de felicidad posible en sus pobladores.</li>
<li>Impulsar la participación de la comunidad, en la planificación, promoción y realización de procesos y actividades culturales.</li>
<li>Promover a nivel regional, nacional e internacional los valores culturales del Territorio Insular Francisco de Miranda.</li>
<li>Garantizar el acceso a servicios bibliotecarios de calidad, mediante la incorporación de nuevos paradigmas en la promoción de la lectura y facilitar la circulación y acceso a la información y el conocimiento, especialmente en la población escolarizada.</li>
</ol>
</div>



<div class="wp-block-column is-layout-flow wp-block-column-is-layout-flow">
<p></p>
<ol class="wp-block-list" start="5">
<li style="text-align: justify;">Contribuir al desarrollo integral de la sociedad promoviendo el ejercicio de los derechos culturales de la población en diversidad funcional, a través de los lenguajes expresivos y estéticos.</li>
 
<li style="text-align: justify;">Fomentar procesos de formación artística y de creación cultural que resguarden las manifestaciones artísticas así como el patrimonio y las tradiciones culturales autóctonas.</li>
 
<li style="text-align: justify;">Fortalecer el empoderamiento social del Patrimonio Cultural del Territorio Insular Francisco de Miranda, generando planes, proyectos de resguardo y crecimiento del patrimonio cultural e histórico.</li>
 
<li style="text-align: justify;">Establecer y consolidar relaciones de trabajo creador con el Ministerio del Poder Popular para la Cultura.</li>
 
<li style="text-align: justify;">Servir de instancia promotora de iniciativas culturales que contribuyan al engrandecimiento de la cultura y la conciencia transformadora de la población.</li>
</ol>
<p style="text-align: justify;"></p>
</div>
</div>

<p>OBJETIVO Desarrollar y promover proyectos y/o programas de acción cultural, tanto a nivel institucional, como a nivel de las comunidades del Territorio Insular, a fin de posicionar y consolidar los valores de la identidad y la conciencia nacional, así como el fortalecimiento de las manifestaciones de la cultura popular comunitaria. FUNCIONES Elaborar un Plan de [&hellip;]</p>
