{"id":110,"date":"2023-10-10T11:36:26","date_gmt":"2023-10-10T15:36:26","guid":{"rendered":"http:\/\/web03.tifm.gob.ve\/?page_id=110"},"modified":"2024-02-05T16:57:27","modified_gmt":"2024-02-05T20:57:27","slug":"secretaria-de-gestion-social","status":"publish","type":"page","link":"https:\/\/www.tifm.gob.ve\/?page_id=110","title":{"rendered":"Secretar\u00eda de Gesti\u00f3n Social"},"content":{"rendered":"\n<p><strong>OBJETIVO<\/strong><\/p>\n\n\n\n<div class=\"wp-block-columns is-layout-flex wp-container-core-columns-is-layout-9d6595d7 wp-block-columns-is-layout-flex\">\n<div class=\"wp-block-column is-layout-flow wp-block-column-is-layout-flow\">\n<p style=\"text-align: justify;\">Implementar pol\u00edticas de Estado que mejoren la calidad de vida de la poblaci\u00f3n del Territorio Insular Francisco de Miranda a trav\u00e9s del sistema nacional de Misiones y Grandes Misiones mediante el trabajo mancomunado con el poder popular desde la atenci\u00f3n integral en lo pol\u00edtico, social, y territorial.<\/p>\n<\/div>\n\n\n\n<div class=\"wp-block-column is-layout-flow wp-block-column-is-layout-flow\"><div class=\"wp-block-image\">\n<figure class=\"aligncenter size-full is-resized\"><img loading=\"lazy\" decoding=\"async\" width=\"628\" height=\"624\" src=\"https:\/\/www.tifm.gob.ve\/wp-content\/uploads\/2024\/02\/gs.png\" alt=\"\" class=\"wp-image-1504\" style=\"width:191px;height:auto\" srcset=\"https:\/\/www.tifm.gob.ve\/\/wp-content\/uploads\/2024\/02\/gs.png 628w, https:\/\/www.tifm.gob.ve\/\/wp-content\/uploads\/2024\/02\/gs-300x298.png 300w, https:\/\/www.tifm.gob.ve\/\/wp-content\/uploads\/2024\/02\/gs-150x150.png 150w\" sizes=\"auto, (max-width: 628px) 100vw, 628px\" \/><\/figure>\n<\/div><\/div>\n<\/div>\n\n\n\n<p><strong>FUNCIONES<\/strong><\/p>\n\n\n\n<div class=\"wp-block-columns is-layout-flex wp-container-core-columns-is-layout-9d6595d7 wp-block-columns-is-layout-flex\">\n<div class=\"wp-block-column is-layout-flow wp-block-column-is-layout-flow\">\n<p><\/p>\n\n\n\n<ol>\n<li style=\"text-align: justify;\">Coordinar las actividades que surjan de la relaci\u00f3n entre los programas de desarrollo sustentable y creaci\u00f3n de las comunas en el Territorio Insular Francisco de Miranda.<\/li>\n<li style=\"text-align: justify;\">Articular acciones y programas que impulsen la construcci\u00f3n de comunas en el \u00e1mbito geogr\u00e1fico del Territorio Insular Francisco de Miranda.<\/li>\n<li style=\"text-align: justify;\">Desarrollar y establecer los mecanismos institucionales para la vinculaci\u00f3n social con el entorno, en el \u00e1mbito geogr\u00e1fico con competencia del Territorio Insular Francisco de Miranda.<\/li>\n<li style=\"text-align: justify;\">Proponer y promover estrategias destinadas a la articulaci\u00f3n con los diferentes \u00f3rganos y entes en los procesos internos y de impacto a la comunidad en el \u00e1mbito geogr\u00e1fico con competencia en el Territorio Insular Francisco de Miranda.<\/li>\n<li style=\"text-align: justify;\">Desarrollar programas que contribuyan con el desarrollo econ\u00f3mico de las regiones en el marco del modelo productivo socialista.<\/li>\n<li style=\"text-align: justify;\">Promover la incorporaci\u00f3n de nuevas formas de organizaci\u00f3n de producci\u00f3n social para fortalecer la participaci\u00f3n protag\u00f3nica de la comunidad organizada en el \u00e1mbito geogr\u00e1fico competencial del Territorio Insular Francisco de Miranda<\/li>\n<\/ol>\n<\/div>\n\n\n\n<div class=\"wp-block-column is-layout-flow wp-block-column-is-layout-flow\">\n\n\n<ol start=\"7\">\n<li style=\"text-align: justify;\">Promover mecanismos de articulaci\u00f3n de los programas y proyectos sociales de acci\u00f3n directa e indirecta sobre el \u00e1mbito geogr\u00e1fico competencial del Territorio Insular Francisco de Miranda; as\u00ed como, al personal que se encuentra adscrito a la Jefatura de Gobierno en coordinaci\u00f3n con la Direcci\u00f3n General de Talento Humano, que emprenden otros \u00f3rganos y entes del Estado, y las comunidades organizadas, que permitan incrementar la eficacia de los mismos.<\/li>\n<li style=\"text-align: justify;\">Articular con el \u00f3rgano o ente competente a los fines de garantizar la atenci\u00f3n a la poblaci\u00f3n infanto-juvenil, adulta y adulta mayor, para contribuir a su desarrollo integral.<\/li>\n<li style=\"text-align: justify;\">Articular con \u00f3rganos y entes de la Administraci\u00f3n P\u00fablica en la ejecuci\u00f3n planes, proyectos y programas destinados a la atenci\u00f3n de la poblaci\u00f3n m\u00e1s vulnerable.<\/li>\n<li style=\"text-align: justify;\">Las dem\u00e1s atribuciones que le confieren las leyes, reglamentos, decretos, resoluciones y otros actos administrativos en las materias de su competencia o que instruya el Jefe o Jefa de Gobierno y\/o el Secretario o Secretaria General.<\/li>\n<\/ol>\n<\/div>\n<\/div>\n","protected":false},"excerpt":{"rendered":"<p>OBJETIVO Implementar pol\u00edticas de Estado que mejoren la calidad de vida de la poblaci\u00f3n del Territorio Insular Francisco de Miranda a trav\u00e9s del sistema nacional de Misiones y Grandes Misiones mediante el trabajo mancomunado con el poder popular desde la atenci\u00f3n integral en lo pol\u00edtico, social, y territorial. FUNCIONES Coordinar las actividades que surjan de [&hellip;]<\/p>\n","protected":false},"author":1,"featured_media":0,"parent":0,"menu_order":0,"comment_status":"closed","ping_status":"closed","template":"","meta":{"footnotes":""},"class_list":["post-110","page","type-page","status-publish","hentry"],"_links":{"self":[{"href":"https:\/\/www.tifm.gob.ve\/index.php?rest_route=\/wp\/v2\/pages\/110","targetHints":{"allow":["GET"]}}],"collection":[{"href":"https:\/\/www.tifm.gob.ve\/index.php?rest_route=\/wp\/v2\/pages"}],"about":[{"href":"https:\/\/www.tifm.gob.ve\/index.php?rest_route=\/wp\/v2\/types\/page"}],"author":[{"embeddable":true,"href":"https:\/\/www.tifm.gob.ve\/index.php?rest_route=\/wp\/v2\/users\/1"}],"replies":[{"embeddable":true,"href":"https:\/\/www.tifm.gob.ve\/index.php?rest_route=%2Fwp%2Fv2%2Fcomments&post=110"}],"version-history":[{"count":11,"href":"https:\/\/www.tifm.gob.ve\/index.php?rest_route=\/wp\/v2\/pages\/110\/revisions"}],"predecessor-version":[{"id":1519,"href":"https:\/\/www.tifm.gob.ve\/index.php?rest_route=\/wp\/v2\/pages\/110\/revisions\/1519"}],"wp:attachment":[{"href":"https:\/\/www.tifm.gob.ve\/index.php?rest_route=%2Fwp%2Fv2%2Fmedia&parent=110"}],"curies":[{"name":"wp","href":"https:\/\/api.w.org\/{rel}","templated":true}]}}

Secretaría de Gestión Social

<p><strong>OBJETIVO</strong></p>



<div class="wp-block-columns is-layout-flex wp-container-core-columns-is-layout-9d6595d7 wp-block-columns-is-layout-flex">
<div class="wp-block-column is-layout-flow wp-block-column-is-layout-flow">
<p style="text-align: justify;">Implementar políticas de Estado que mejoren la calidad de vida de la población del Territorio Insular Francisco de Miranda a través del sistema nacional de Misiones y Grandes Misiones mediante el trabajo mancomunado con el poder popular desde la atención integral en lo político, social, y territorial.</p>
</div>



<div class="wp-block-column is-layout-flow wp-block-column-is-layout-flow"><div class="wp-block-image">
<figure class="aligncenter size-full is-resized"><img loading="lazy" decoding="async" width="628" height="624" src="https://www.tifm.gob.ve/wp-content/uploads/2024/02/gs.png" alt="" class="wp-image-1504" style="width:191px;height:auto" srcset="https://www.tifm.gob.ve//wp-content/uploads/2024/02/gs.png 628w, https://www.tifm.gob.ve//wp-content/uploads/2024/02/gs-300x298.png 300w, https://www.tifm.gob.ve//wp-content/uploads/2024/02/gs-150x150.png 150w" sizes="auto, (max-width: 628px) 100vw, 628px" /></figure>
</div></div>
</div>



<p><strong>FUNCIONES</strong></p>



<div class="wp-block-columns is-layout-flex wp-container-core-columns-is-layout-9d6595d7 wp-block-columns-is-layout-flex">
<div class="wp-block-column is-layout-flow wp-block-column-is-layout-flow">
<p></p>



<ol>
<li style="text-align: justify;">Coordinar las actividades que surjan de la relación entre los programas de desarrollo sustentable y creación de las comunas en el Territorio Insular Francisco de Miranda.</li>
<li style="text-align: justify;">Articular acciones y programas que impulsen la construcción de comunas en el ámbito geográfico del Territorio Insular Francisco de Miranda.</li>
<li style="text-align: justify;">Desarrollar y establecer los mecanismos institucionales para la vinculación social con el entorno, en el ámbito geográfico con competencia del Territorio Insular Francisco de Miranda.</li>
<li style="text-align: justify;">Proponer y promover estrategias destinadas a la articulación con los diferentes órganos y entes en los procesos internos y de impacto a la comunidad en el ámbito geográfico con competencia en el Territorio Insular Francisco de Miranda.</li>
<li style="text-align: justify;">Desarrollar programas que contribuyan con el desarrollo económico de las regiones en el marco del modelo productivo socialista.</li>
<li style="text-align: justify;">Promover la incorporación de nuevas formas de organización de producción social para fortalecer la participación protagónica de la comunidad organizada en el ámbito geográfico competencial del Territorio Insular Francisco de Miranda</li>
</ol>
</div>



<div class="wp-block-column is-layout-flow wp-block-column-is-layout-flow">


<ol start="7">
<li style="text-align: justify;">Promover mecanismos de articulación de los programas y proyectos sociales de acción directa e indirecta sobre el ámbito geográfico competencial del Territorio Insular Francisco de Miranda; así como, al personal que se encuentra adscrito a la Jefatura de Gobierno en coordinación con la Dirección General de Talento Humano, que emprenden otros órganos y entes del Estado, y las comunidades organizadas, que permitan incrementar la eficacia de los mismos.</li>
<li style="text-align: justify;">Articular con el órgano o ente competente a los fines de garantizar la atención a la población infanto-juvenil, adulta y adulta mayor, para contribuir a su desarrollo integral.</li>
<li style="text-align: justify;">Articular con órganos y entes de la Administración Pública en la ejecución planes, proyectos y programas destinados a la atención de la población más vulnerable.</li>
<li style="text-align: justify;">Las demás atribuciones que le confieren las leyes, reglamentos, decretos, resoluciones y otros actos administrativos en las materias de su competencia o que instruya el Jefe o Jefa de Gobierno y/o el Secretario o Secretaria General.</li>
</ol>
</div>
</div>

<p>OBJETIVO Implementar políticas de Estado que mejoren la calidad de vida de la población del Territorio Insular Francisco de Miranda a través del sistema nacional de Misiones y Grandes Misiones mediante el trabajo mancomunado con el poder popular desde la atención integral en lo político, social, y territorial. FUNCIONES Coordinar las actividades que surjan de [&hellip;]</p>
